CRAN Package Check Results for Package lolR

Last updated on 2022-11-26 01:49:47 CET.

Flavor Version Tinstall Tcheck Ttotal Status Flags
r-devel-linux-x86_64-debian-clang 2.1 9.95 269.62 279.57 NOTE
r-devel-linux-x86_64-debian-gcc 2.1 8.43 192.34 200.77 NOTE
r-devel-linux-x86_64-fedora-clang 2.1 340.06 NOTE
r-devel-linux-x86_64-fedora-gcc 2.1 349.52 NOTE
r-devel-windows-x86_64 2.1 50.00 282.00 332.00 NOTE
r-patched-linux-x86_64 2.1 NOTE
r-release-linux-x86_64 2.1 9.88 205.31 215.19 NOTE
r-release-macos-arm64 2.1 98.00 NOTE
r-release-macos-x86_64 2.1 162.00 NOTE
r-release-windows-x86_64 2.1 31.00 289.00 320.00 NOTE
r-oldrel-macos-arm64 2.1 170.00 NOTE
r-oldrel-macos-x86_64 2.1 168.00 NOTE
r-oldrel-windows-ix86+x86_64 2.1 23.00 283.00 306.00 NOTE

Check Details

Version: 2.1
Check: LazyData
Result: NOTE
     'LazyData' is specified without a 'data' directory
Flavors: r-devel-linux-x86_64-debian-clang, r-devel-linux-x86_64-debian-gcc, r-devel-linux-x86_64-fedora-clang, r-devel-linux-x86_64-fedora-gcc, r-devel-windows-x86_64, r-patched-linux-x86_64, r-release-linux-x86_64, r-release-macos-arm64, r-release-macos-x86_64, r-release-windows-x86_64, r-oldrel-macos-arm64, r-oldrel-macos-x86_64, r-oldrel-windows-ix86+x86_64

Version: 2.1
Check: dependencies in R code
Result: NOTE
    Namespace in Imports field not imported from: ‘ggplot2’
     All declared Imports should be used.
Flavors: r-devel-linux-x86_64-fedora-clang, r-devel-linux-x86_64-fedora-gcc, r-release-macos-arm64, r-release-macos-x86_64, r-oldrel-macos-arm64, r-oldrel-macos-x86_64