CRAN Package Check Results for Package longit

Last updated on 2022-08-09 01:54:52 CEST.

Flavor Version Tinstall Tcheck Ttotal Status Flags
r-devel-linux-x86_64-debian-clang 0.1.0 11.81 110.35 122.16 OK
r-devel-linux-x86_64-debian-gcc 0.1.0 10.30 83.19 93.49 OK
r-devel-linux-x86_64-fedora-clang 0.1.0 156.45 NOTE
r-devel-linux-x86_64-fedora-gcc 0.1.0 159.13 NOTE
r-devel-windows-x86_64 0.1.0 16.00 129.00 145.00 OK
r-patched-linux-x86_64 0.1.0 11.66 105.22 116.88 OK
r-release-linux-x86_64 0.1.0 OK
r-release-macos-arm64 0.1.0 53.00 NOTE
r-release-macos-x86_64 0.1.0 66.00 NOTE
r-release-windows-x86_64 0.1.0 18.00 132.00 150.00 OK
r-oldrel-macos-arm64 0.1.0 53.00 NOTE
r-oldrel-macos-x86_64 0.1.0 107.00 NOTE
r-oldrel-windows-ix86+x86_64 0.1.0 27.00 130.00 157.00 OK

Check Details

Version: 0.1.0
Check: dependencies in R code
Result: NOTE
    Namespace in Imports field not imported from: ‘utils’
     All declared Imports should be used.
Flavors: r-devel-linux-x86_64-fedora-clang, r-devel-linux-x86_64-fedora-gcc, r-release-macos-arm64, r-release-macos-x86_64, r-oldrel-macos-arm64, r-oldrel-macos-x86_64