Last updated on 2024-04-19 01:58:48 CEST.
Flavor | Version | Tinstall | Tcheck | Ttotal | Status | Flags |
---|---|---|---|---|---|---|
r-devel-linux-x86_64-debian-clang | 1.4.1 | 29.03 | 267.56 | 296.59 | NOTE | |
r-devel-linux-x86_64-debian-gcc | 1.4.1 | 19.09 | 191.36 | 210.45 | NOTE | |
r-devel-linux-x86_64-fedora-clang | 1.4.1 | 375.41 | NOTE | |||
r-devel-linux-x86_64-fedora-gcc | 1.4.1 | 374.43 | NOTE | |||
r-prerel-macos-arm64 | 1.4.1 | 176.00 | NOTE | |||
r-prerel-windows-x86_64 | 1.4.1 | 22.00 | 338.00 | 360.00 | NOTE | |
r-patched-linux-x86_64 | 1.4.1 | 30.25 | 258.40 | 288.65 | NOTE | |
r-release-linux-x86_64 | 1.4.1 | 17.90 | 238.58 | 256.48 | OK | |
r-release-macos-arm64 | 1.4.1 | 170.00 | NOTE | |||
r-release-macos-x86_64 | 1.4.1 | 370.00 | NOTE | |||
r-release-windows-x86_64 | 1.4.1 | 24.00 | 366.00 | 390.00 | OK | |
r-oldrel-macos-arm64 | 1.4.1 | 204.00 | OK | |||
r-oldrel-windows-x86_64 | 1.4.1 | 27.00 | 318.00 | 345.00 | OK |
Version: 1.4.1
Check: Rd files
Result: NOTE
checkRd: (-1) l_binCut.Rd:30: Lost braces
30 | when 'code{labels = FALSE}, the default \code{active} is \code{-1}; and when \code{labels} is a vector of length equal
| ^
Flavors: r-devel-linux-x86_64-debian-clang, r-devel-linux-x86_64-debian-gcc, r-devel-linux-x86_64-fedora-clang, r-devel-linux-x86_64-fedora-gcc, r-prerel-macos-arm64, r-prerel-windows-x86_64, r-patched-linux-x86_64
Version: 1.4.1
Check: installed package size
Result: NOTE
installed size is 5.0Mb
sub-directories of 1Mb or more:
doc 1.5Mb
tcl 1.3Mb
Flavor: r-devel-linux-x86_64-fedora-clang
Version: 1.4.1
Check: package dependencies
Result: NOTE
Package suggested but not available for checking: ‘RDRToolbox’
Flavors: r-release-macos-arm64, r-release-macos-x86_64