Last updated on 2022-05-25 02:52:23 CEST.
Flavor | Version | Tinstall | Tcheck | Ttotal | Status | Flags |
---|---|---|---|---|---|---|
r-devel-linux-x86_64-debian-clang | 0.2.0 | 138.28 | 232.97 | 371.25 | OK | |
r-devel-linux-x86_64-debian-gcc | 0.2.0 | 112.11 | 164.71 | 276.82 | OK | |
r-devel-linux-x86_64-fedora-clang | 0.2.0 | 469.68 | OK | |||
r-devel-linux-x86_64-fedora-gcc | 0.2.0 | 425.15 | OK | |||
r-devel-windows-x86_64 | 0.2.0 | 118.00 | 408.00 | 526.00 | OK | |
r-patched-linux-x86_64 | 0.2.0 | 123.08 | 214.90 | 337.98 | OK | |
r-release-linux-x86_64 | 0.2.0 | OK | ||||
r-release-macos-arm64 | 0.2.0 | 147.00 | NOTE | |||
r-release-macos-x86_64 | 0.2.0 | 269.00 | OK | |||
r-release-windows-x86_64 | 0.2.0 | 123.00 | 407.00 | 530.00 | OK | |
r-oldrel-macos-arm64 | 0.2.0 | 219.00 | NOTE | |||
r-oldrel-macos-x86_64 | 0.2.0 | 274.00 | OK | |||
r-oldrel-windows-ix86+x86_64 | 0.2.0 | 330.00 | 593.00 | 923.00 | OK |
Version: 0.2.0
Check: installed package size
Result: NOTE
installed size is 5.4Mb
sub-directories of 1Mb or more:
libs 3.8Mb
Flavors: r-release-macos-arm64, r-oldrel-macos-arm64