CRAN Package Check Results for Package lrd

Last updated on 2022-07-02 01:48:59 CEST.

Flavor Version Tinstall Tcheck Ttotal Status Flags
r-devel-linux-x86_64-debian-clang 0.1.0 3.68 45.57 49.25 OK
r-devel-linux-x86_64-debian-gcc 0.1.0 1.87 34.79 36.66 OK
r-devel-linux-x86_64-fedora-clang 0.1.0 69.26 NOTE
r-devel-linux-x86_64-fedora-gcc 0.1.0 67.98 NOTE
r-devel-windows-x86_64 0.1.0 27.00 81.00 108.00 OK
r-patched-linux-x86_64 0.1.0 3.60 44.22 47.82 OK
r-release-linux-x86_64 0.1.0 2.25 43.21 45.46 OK
r-release-macos-arm64 0.1.0 26.00 NOTE
r-release-macos-x86_64 0.1.0 34.00 NOTE
r-release-windows-x86_64 0.1.0 20.00 79.00 99.00 OK
r-oldrel-macos-arm64 0.1.0 28.00 NOTE
r-oldrel-macos-x86_64 0.1.0 35.00 NOTE
r-oldrel-windows-ix86+x86_64 0.1.0 8.00 70.00 78.00 OK

Check Details

Version: 0.1.0
Check: dependencies in R code
Result: NOTE
    Namespace in Imports field not imported from: ‘knitr’
     All declared Imports should be used.
Flavors: r-devel-linux-x86_64-fedora-clang, r-devel-linux-x86_64-fedora-gcc, r-release-macos-arm64, r-release-macos-x86_64, r-oldrel-macos-arm64, r-oldrel-macos-x86_64