Last updated on 2025-11-14 01:51:43 CET.
| Flavor | Version | Tinstall | Tcheck | Ttotal | Status | Flags |
|---|---|---|---|---|---|---|
| r-devel-linux-x86_64-debian-clang | 0.5.4 | 2.18 | 27.61 | 29.79 | NOTE | |
| r-devel-linux-x86_64-debian-gcc | 0.5.4 | 1.84 | 20.29 | 22.13 | NOTE | |
| r-devel-linux-x86_64-fedora-clang | 0.5.4 | 45.38 | OK | |||
| r-devel-linux-x86_64-fedora-gcc | 0.5.4 | 42.44 | OK | |||
| r-devel-windows-x86_64 | 0.5.4 | 3.00 | 57.00 | 60.00 | OK | |
| r-patched-linux-x86_64 | 0.5.4 | 2.55 | 25.96 | 28.51 | OK | |
| r-release-linux-x86_64 | 0.5.4 | 2.38 | 25.92 | 28.30 | OK | |
| r-release-macos-arm64 | 0.5.4 | 2.00 | 26.00 | 28.00 | OK | |
| r-release-macos-x86_64 | 0.5.4 | 2.00 | 27.00 | 29.00 | OK | |
| r-release-windows-x86_64 | 0.5.4 | 3.00 | 48.00 | 51.00 | OK | |
| r-oldrel-macos-arm64 | 0.5.4 | 1.00 | 15.00 | 16.00 | OK | |
| r-oldrel-macos-x86_64 | 0.5.4 | 2.00 | 22.00 | 24.00 | OK | |
| r-oldrel-windows-x86_64 | 0.5.4 | 4.00 | 52.00 | 56.00 | OK |
Version: 0.5.4
Check: CRAN incoming feasibility
Result: NOTE
Maintainer: ‘Adam Mantz <amantz@slac.stanford.edu>’
No Authors@R field in DESCRIPTION.
Please add one, modifying
Authors@R: person(given = "Adam",
family = "Mantz",
role = c("aut", "cre"),
email = "amantz@slac.stanford.edu")
as necessary.
Flavors: r-devel-linux-x86_64-debian-clang, r-devel-linux-x86_64-debian-gcc