CRAN Package Check Results for Package lsa

Last updated on 2025-04-30 02:50:43 CEST.

Flavor Version Tinstall Tcheck Ttotal Status Flags
r-devel-linux-x86_64-debian-clang 0.73.3 2.62 31.97 34.59 NOTE
r-devel-linux-x86_64-debian-gcc 0.73.3 2.26 26.47 28.73 NOTE
r-devel-linux-x86_64-fedora-clang 0.73.3 52.34 NOTE
r-devel-linux-x86_64-fedora-gcc 0.73.3 52.46 NOTE
r-devel-windows-x86_64 0.73.3 5.00 62.00 67.00 NOTE
r-patched-linux-x86_64 0.73.3 3.50 30.89 34.39 NOTE
r-release-linux-x86_64 0.73.3 2.19 30.70 32.89 NOTE
r-release-macos-arm64 0.73.3 22.00 NOTE
r-release-macos-x86_64 0.73.3 35.00 NOTE
r-release-windows-x86_64 0.73.3 6.00 58.00 64.00 NOTE
r-oldrel-macos-arm64 0.73.3 25.00 NOTE
r-oldrel-macos-x86_64 0.73.3 28.00 NOTE
r-oldrel-windows-x86_64 0.73.3 6.00 57.00 63.00 NOTE

Check Details

Version: 0.73.3
Check: CRAN incoming feasibility
Result: NOTE Maintainer: ‘Fridolin Wild <wild@brookes.ac.uk>’ No Authors@R field in DESCRIPTION. Please add one, modifying Authors@R: person(given = "Fridolin", family = "Wild", role = c("aut", "cre"), email = "wild@brookes.ac.uk") as necessary. Flavors: r-devel-linux-x86_64-debian-clang, r-devel-linux-x86_64-debian-gcc

Version: 0.73.3
Check: Rd files
Result: NOTE checkRd: (-1) specialchars.Rd:6: Escaped LaTeX specials: \& Flavors: r-devel-linux-x86_64-debian-clang, r-devel-linux-x86_64-debian-gcc, r-devel-linux-x86_64-fedora-clang, r-devel-linux-x86_64-fedora-gcc, r-devel-windows-x86_64, r-patched-linux-x86_64, r-release-linux-x86_64, r-release-macos-arm64, r-release-macos-x86_64, r-release-windows-x86_64, r-oldrel-macos-arm64, r-oldrel-macos-x86_64, r-oldrel-windows-x86_64