Last updated on 2024-04-19 01:58:48 CEST.
Flavor | Version | Tinstall | Tcheck | Ttotal | Status | Flags |
---|---|---|---|---|---|---|
r-devel-linux-x86_64-debian-clang | 0.6.11 | 245.63 | 116.39 | 362.02 | OK | |
r-devel-linux-x86_64-debian-gcc | 0.6.11 | 220.37 | 107.06 | 327.43 | OK | |
r-devel-linux-x86_64-fedora-clang | 0.6.11 | 448.72 | OK | |||
r-devel-linux-x86_64-fedora-gcc | 0.6.11 | 573.99 | OK | |||
r-prerel-macos-arm64 | 0.6.11 | 114.00 | NOTE | |||
r-prerel-windows-x86_64 | 0.6.11 | 173.00 | 137.00 | 310.00 | OK | |
r-patched-linux-x86_64 | 0.6.11 | 261.82 | 133.15 | 394.97 | OK | |
r-release-linux-x86_64 | 0.6.11 | 262.91 | 132.87 | 395.78 | OK | |
r-release-macos-arm64 | 0.6.11 | 114.00 | NOTE | |||
r-release-macos-x86_64 | 0.6.11 | 182.00 | NOTE | |||
r-release-windows-x86_64 | 0.6.11 | 229.00 | 159.00 | 388.00 | OK | |
r-oldrel-macos-arm64 | 0.6.11 | 99.00 | NOTE | |||
r-oldrel-windows-x86_64 | 0.6.11 | 225.00 | 145.00 | 370.00 | OK |
Version: 0.6.11
Check: installed package size
Result: NOTE
installed size is 108.9Mb
sub-directories of 1Mb or more:
doc 1.6Mb
libs 106.6Mb
Flavors: r-prerel-macos-arm64, r-release-macos-arm64, r-release-macos-x86_64, r-oldrel-macos-arm64