Last updated on 2025-10-31 01:49:02 CET.
| Flavor | Version | Tinstall | Tcheck | Ttotal | Status | Flags | 
|---|---|---|---|---|---|---|
| r-devel-linux-x86_64-debian-clang | 1.2-0 | 17.36 | 121.41 | 138.77 | NOTE | |
| r-devel-linux-x86_64-debian-gcc | 1.2-0 | 10.48 | 83.23 | 93.71 | NOTE | |
| r-devel-linux-x86_64-fedora-clang | 1.2-0 | 34.00 | 179.52 | 213.52 | OK | |
| r-devel-linux-x86_64-fedora-gcc | 1.2-0 | 33.00 | 172.15 | 205.15 | OK | |
| r-devel-windows-x86_64 | 1.2-0 | 18.00 | 145.00 | 163.00 | OK | |
| r-patched-linux-x86_64 | 1.2-0 | 15.90 | 114.04 | 129.94 | OK | |
| r-release-linux-x86_64 | 1.2-0 | 14.51 | 113.71 | 128.22 | OK | |
| r-release-macos-arm64 | 1.2-0 | 7.00 | 52.00 | 59.00 | OK | |
| r-release-macos-x86_64 | 1.2-0 | 16.00 | 107.00 | 123.00 | OK | |
| r-release-windows-x86_64 | 1.2-0 | 17.00 | 129.00 | 146.00 | OK | |
| r-oldrel-macos-arm64 | 1.2-0 | 6.00 | 41.00 | 47.00 | OK | |
| r-oldrel-macos-x86_64 | 1.2-0 | 9.00 | 97.00 | 106.00 | OK | |
| r-oldrel-windows-x86_64 | 1.2-0 | 25.00 | 157.00 | 182.00 | OK | 
Version: 1.2-0
Check: CRAN incoming feasibility
Result: NOTE
  Maintainer: ‘Dimitris Rizopoulos <d.rizopoulos@erasmusmc.nl>’
  
  No Authors@R field in DESCRIPTION.
  Please add one, modifying
    Authors@R: person(given = "Dimitris",
                      family = "Rizopoulos",
                      role = c("aut", "cre"),
                      email = "d.rizopoulos@erasmusmc.nl")
  as necessary.
  
  Package CITATION file contains call(s) to old-style personList() or
  as.personList().  Please use c() on person objects instead.
  Package CITATION file contains call(s) to old-style citEntry().  Please
  use bibentry() instead.
Flavors: r-devel-linux-x86_64-debian-clang, r-devel-linux-x86_64-debian-gcc