Last updated on 2024-03-28 01:54:02 CET.
Flavor | Version | Tinstall | Tcheck | Ttotal | Status | Flags |
---|---|---|---|---|---|---|
r-devel-linux-x86_64-debian-clang | 0.1.0 | 89.76 | 170.02 | 259.78 | NOTE | |
r-devel-linux-x86_64-debian-gcc | 0.1.0 | 74.36 | 130.63 | 204.99 | NOTE | |
r-devel-linux-x86_64-fedora-clang | 0.1.0 | 358.18 | NOTE | |||
r-devel-linux-x86_64-fedora-gcc | 0.1.0 | 366.68 | NOTE | |||
r-devel-windows-x86_64 | 0.1.0 | 73.00 | 188.00 | 261.00 | NOTE | |
r-patched-linux-x86_64 | 0.1.0 | 88.26 | 168.12 | 256.38 | NOTE | |
r-release-linux-x86_64 | 0.1.0 | 86.44 | 163.19 | 249.63 | NOTE | |
r-release-macos-arm64 | 0.1.0 | 113.00 | NOTE | |||
r-release-macos-x86_64 | 0.1.0 | 189.00 | NOTE | |||
r-release-windows-x86_64 | 0.1.0 | 90.00 | 211.00 | 301.00 | NOTE | |
r-oldrel-macos-arm64 | 0.1.0 | 112.00 | OK | |||
r-oldrel-windows-x86_64 | 0.1.0 | 85.00 | 209.00 | 294.00 | OK |
Version: 0.1.0
Check: C++ specification
Result: NOTE
Specified C++11: please drop specification unless essential
Flavors: r-devel-linux-x86_64-debian-clang, r-devel-linux-x86_64-debian-gcc, r-devel-linux-x86_64-fedora-clang, r-devel-linux-x86_64-fedora-gcc, r-devel-windows-x86_64, r-patched-linux-x86_64, r-release-linux-x86_64, r-release-macos-arm64, r-release-macos-x86_64, r-release-windows-x86_64