Last updated on 2023-05-31 01:57:18 CEST.
Flavor | Version | Tinstall | Tcheck | Ttotal | Status | Flags |
---|---|---|---|---|---|---|
r-devel-linux-x86_64-debian-clang | 0.1.0 | 91.74 | 171.00 | 262.74 | NOTE | |
r-devel-linux-x86_64-debian-gcc | 0.1.0 | 73.28 | 131.65 | 204.93 | NOTE | |
r-devel-linux-x86_64-fedora-clang | 0.1.0 | 351.29 | NOTE | |||
r-devel-linux-x86_64-fedora-gcc | 0.1.0 | 363.09 | NOTE | |||
r-devel-windows-x86_64 | 0.1.0 | 64.00 | 186.00 | 250.00 | NOTE | |
r-patched-linux-x86_64 | 0.1.0 | 75.50 | 168.72 | 244.22 | NOTE | |
r-release-linux-x86_64 | 0.1.0 | 70.05 | 165.00 | 235.05 | NOTE | |
r-release-macos-arm64 | 0.1.0 | 113.00 | NOTE | |||
r-release-macos-x86_64 | 0.1.0 | 189.00 | NOTE | |||
r-release-windows-x86_64 | 0.1.0 | 88.00 | 206.00 | 294.00 | NOTE | |
r-oldrel-macos-arm64 | 0.1.0 | 112.00 | OK | |||
r-oldrel-macos-x86_64 | 0.1.0 | 122.00 | OK | |||
r-oldrel-windows-x86_64 | 0.1.0 | 85.00 | 213.00 | 298.00 | OK |
Version: 0.1.0
Check: C++ specification
Result: NOTE
Specified C++11: please drop specification unless essential
Flavors: r-devel-linux-x86_64-debian-clang, r-devel-linux-x86_64-debian-gcc, r-devel-linux-x86_64-fedora-clang, r-devel-linux-x86_64-fedora-gcc, r-devel-windows-x86_64, r-patched-linux-x86_64, r-release-linux-x86_64, r-release-macos-arm64, r-release-macos-x86_64, r-release-windows-x86_64