Last updated on 2025-10-27 02:49:28 CET.
| Flavor | Version | Tinstall | Tcheck | Ttotal | Status | Flags | 
|---|---|---|---|---|---|---|
| r-devel-linux-x86_64-debian-clang | 0.2.1 | 1.81 | 39.46 | 41.27 | NOTE | |
| r-devel-linux-x86_64-debian-gcc | 0.2.1 | 1.32 | 28.43 | 29.75 | NOTE | |
| r-devel-linux-x86_64-fedora-clang | 0.2.1 | 61.25 | NOTE | |||
| r-devel-linux-x86_64-fedora-gcc | 0.2.1 | 59.84 | NOTE | |||
| r-devel-windows-x86_64 | 0.2.1 | 3.00 | 67.00 | 70.00 | OK | |
| r-patched-linux-x86_64 | 0.2.1 | 1.84 | 36.46 | 38.30 | OK | |
| r-release-linux-x86_64 | 0.2.1 | 1.10 | 36.56 | 37.66 | OK | |
| r-release-macos-arm64 | 0.2.1 | 1.00 | 23.00 | 24.00 | OK | |
| r-release-macos-x86_64 | 0.2.1 | 2.00 | 38.00 | 40.00 | OK | |
| r-release-windows-x86_64 | 0.2.1 | 3.00 | 54.00 | 57.00 | OK | |
| r-oldrel-macos-arm64 | 0.2.1 | 1.00 | 20.00 | 21.00 | OK | |
| r-oldrel-macos-x86_64 | 0.2.1 | 2.00 | 29.00 | 31.00 | OK | |
| r-oldrel-windows-x86_64 | 0.2.1 | 4.00 | 64.00 | 68.00 | OK | 
Version: 0.2.1
Check: CRAN incoming feasibility
Result: NOTE
  Maintainer: ‘Maninder Singh Dhillon <manidhillon1989@gmail.com>’
  
  No Authors@R field in DESCRIPTION.
  Please add one, modifying
    Authors@R: c(person(given = c("Maninder", "Singh"),
                        family = "Dhillon",
                        role = c("aut", "cre"),
                        email = "manidhillon1989@gmail.com"),
                 person(given = "Thorsten",
                        family = "Dahms",
                        role = "ctb"),
                 person(given = "Leon",
                        family = "Nill",
                        role = "ctb"))
  as necessary.
Flavors: r-devel-linux-x86_64-debian-clang, r-devel-linux-x86_64-debian-gcc
Version: 0.2.1
Check: dependencies in R code
Result: NOTE
  Namespaces in Imports field not imported from:
    ‘ncdf4’ ‘raster’
    All declared Imports should be used.
Flavors: r-devel-linux-x86_64-fedora-clang, r-devel-linux-x86_64-fedora-gcc