Last updated on 2024-04-23 01:57:04 CEST.
Flavor | Version | Tinstall | Tcheck | Ttotal | Status | Flags |
---|---|---|---|---|---|---|
r-devel-linux-x86_64-debian-clang | 0.2.1 | 49.76 | 66.52 | 116.28 | NOTE | |
r-devel-linux-x86_64-debian-gcc | 0.2.1 | 44.82 | 51.36 | 96.18 | NOTE | |
r-devel-linux-x86_64-fedora-clang | 0.2.1 | 159.49 | NOTE | |||
r-devel-linux-x86_64-fedora-gcc | 0.2.1 | 154.77 | NOTE | |||
r-prerel-macos-arm64 | 0.2.1 | 62.00 | NOTE | |||
r-prerel-windows-x86_64 | 0.2.1 | 47.00 | 69.00 | 116.00 | NOTE | |
r-patched-linux-x86_64 | 0.2.1 | 52.59 | 63.78 | 116.37 | NOTE | |
r-release-linux-x86_64 | 0.2.1 | 56.31 | 64.34 | 120.65 | NOTE | |
r-release-macos-arm64 | 0.2.1 | 70.00 | NOTE | |||
r-release-macos-x86_64 | 0.2.1 | 92.00 | NOTE | |||
r-release-windows-x86_64 | 0.2.1 | 60.00 | 76.00 | 136.00 | NOTE | |
r-oldrel-macos-arm64 | 0.2.1 | 66.00 | OK | |||
r-oldrel-windows-x86_64 | 0.2.1 | 62.00 | 84.00 | 146.00 | NOTE |
Version: 0.2.1
Check: package dependencies
Result: NOTE
Package suggested but not available for checking: ‘depth’
Flavors: r-devel-linux-x86_64-debian-clang, r-devel-linux-x86_64-debian-gcc, r-devel-linux-x86_64-fedora-clang, r-devel-linux-x86_64-fedora-gcc, r-prerel-macos-arm64, r-prerel-windows-x86_64, r-patched-linux-x86_64, r-release-linux-x86_64, r-release-macos-arm64, r-release-macos-x86_64, r-release-windows-x86_64, r-oldrel-windows-x86_64
Version: 0.2.1
Check: Rd files
Result: NOTE
checkRd: (-1) geom_lv.Rd:101: Lost braces; missing escapes or markup?
101 | determines whether the width of the box for letter value LV(i) should be proportional to i (linear), proportional to $2^{-i}$ (height), or whether
| ^
checkRd: (-1) geom_lv.Rd:102: Lost braces; missing escapes or markup?
102 | the area of the box should be proportional to $2^{-i}$ (area).}
| ^
Flavors: r-devel-linux-x86_64-debian-clang, r-devel-linux-x86_64-debian-gcc, r-devel-linux-x86_64-fedora-clang, r-devel-linux-x86_64-fedora-gcc, r-prerel-macos-arm64, r-prerel-windows-x86_64, r-patched-linux-x86_64