CRAN Package Check Results for Package m2r

Last updated on 2025-05-07 01:50:01 CEST.

Flavor Version Tinstall Tcheck Ttotal Status Flags
r-devel-linux-x86_64-debian-clang 1.0.2 20.40 72.76 93.16 NOTE
r-devel-linux-x86_64-debian-gcc 1.0.2 13.93 51.53 65.46 NOTE
r-devel-linux-x86_64-fedora-clang 1.0.2 151.09 OK
r-devel-linux-x86_64-fedora-gcc 1.0.2 160.07 OK
r-devel-windows-x86_64 1.0.2 24.00 104.00 128.00 NOTE
r-patched-linux-x86_64 1.0.2 19.04 65.83 84.87 NOTE
r-release-linux-x86_64 1.0.2 18.29 65.86 84.15 NOTE
r-release-macos-arm64 1.0.2 47.00 OK
r-release-macos-x86_64 1.0.2 115.00 OK
r-release-windows-x86_64 1.0.2 27.00 101.00 128.00 NOTE
r-oldrel-macos-arm64 1.0.2 48.00 NOTE
r-oldrel-macos-x86_64 1.0.2 66.00 NOTE
r-oldrel-windows-x86_64 1.0.2 30.00 130.00 160.00 NOTE

Check Details

Version: 1.0.2
Check: Rd cross-references
Result: NOTE Found the following Rd file(s) with Rd \link{} targets missing package anchors: factor_poly.Rd: mp gb.Rd: mp, mpolyList ideal.Rd: mp Please provide package anchors for all Rd \link{} targets not in the package itself and the base packages. Flavors: r-devel-linux-x86_64-debian-clang, r-devel-linux-x86_64-debian-gcc, r-devel-windows-x86_64, r-patched-linux-x86_64, r-release-linux-x86_64, r-release-windows-x86_64

Version: 1.0.2
Check: LazyData
Result: NOTE 'LazyData' is specified without a 'data' directory Flavors: r-oldrel-macos-arm64, r-oldrel-macos-x86_64, r-oldrel-windows-x86_64