Last updated on 2024-04-19 01:58:48 CEST.
Flavor | Version | Tinstall | Tcheck | Ttotal | Status | Flags |
---|---|---|---|---|---|---|
r-devel-linux-x86_64-debian-clang | 3.1.3 | 25.07 | 151.81 | 176.88 | NOTE | |
r-devel-linux-x86_64-debian-gcc | 3.1.3 | 18.25 | 111.33 | 129.58 | NOTE | |
r-devel-linux-x86_64-fedora-clang | 3.1.3 | 222.27 | NOTE | |||
r-devel-linux-x86_64-fedora-gcc | 3.1.3 | 240.63 | NOTE | |||
r-prerel-macos-arm64 | 3.1.3 | 79.00 | NOTE | |||
r-prerel-windows-x86_64 | 3.1.3 | 22.00 | 201.00 | 223.00 | NOTE | |
r-patched-linux-x86_64 | 3.1.3 | 23.00 | 144.99 | 167.99 | NOTE | |
r-release-linux-x86_64 | 3.1.3 | 20.84 | 124.44 | 145.28 | OK | |
r-release-macos-arm64 | 3.1.3 | 76.00 | OK | |||
r-release-macos-x86_64 | 3.1.3 | 198.00 | OK | |||
r-release-windows-x86_64 | 3.1.3 | 26.00 | 190.00 | 216.00 | OK | |
r-oldrel-macos-arm64 | 3.1.3 | 88.00 | OK | |||
r-oldrel-windows-x86_64 | 3.1.3 | 26.00 | 187.00 | 213.00 | OK |
Version: 3.1.3
Check: Rd files
Result: NOTE
checkRd: (-1) mable.dr.Rd:23: Lost braces
23 | \item{x, y}{original two sample raw data, code{x}:"Control", \code{y}: "Case".}
| ^
checkRd: (-1) mable.dr.group.Rd:26: Lost braces
26 | specified by \code{t}. code{n0}:"Control", \code{n1}: "Case".}
| ^
checkRd: (-1) mable.reg.Rd:50: Lost braces
50 | Wrapping all code{mable} fit of regression models in one function.
| ^
checkRd: (-1) maple.dr.Rd:23: Lost braces
23 | \item{x, y}{original two sample raw data, code{x}:"Control", \code{y}: "Case".}
| ^
checkRd: (-1) maple.dr.group.Rd:27: Lost braces
27 | specified by \code{t}. code{n0}:"Control", \code{n1}: "Case".}
| ^
Flavors: r-devel-linux-x86_64-debian-clang, r-devel-linux-x86_64-debian-gcc, r-devel-linux-x86_64-fedora-clang, r-devel-linux-x86_64-fedora-gcc, r-prerel-macos-arm64, r-prerel-windows-x86_64, r-patched-linux-x86_64