Last updated on 2024-04-19 01:58:48 CEST.
Flavor | Version | Tinstall | Tcheck | Ttotal | Status | Flags |
---|---|---|---|---|---|---|
r-devel-linux-x86_64-debian-clang | 0.5.11 | 12.38 | 115.38 | 127.76 | NOTE | |
r-devel-linux-x86_64-debian-gcc | 0.5.11 | 9.36 | 83.68 | 93.04 | NOTE | |
r-devel-linux-x86_64-fedora-clang | 0.5.11 | 156.09 | NOTE | |||
r-devel-linux-x86_64-fedora-gcc | 0.5.11 | 159.39 | NOTE | |||
r-prerel-macos-arm64 | 0.5.11 | 52.00 | NOTE | |||
r-prerel-windows-x86_64 | 0.5.11 | 10.00 | 128.00 | 138.00 | NOTE | |
r-patched-linux-x86_64 | 0.5.11 | 16.89 | 109.98 | 126.87 | NOTE | |
r-release-linux-x86_64 | 0.5.11 | 13.50 | 111.19 | 124.69 | OK | |
r-release-macos-arm64 | 0.5.11 | 62.00 | OK | |||
r-release-macos-x86_64 | 0.5.11 | 98.00 | OK | |||
r-release-windows-x86_64 | 0.5.11 | 16.00 | 136.00 | 152.00 | OK | |
r-oldrel-macos-arm64 | 0.5.11 | 59.00 | OK | |||
r-oldrel-windows-x86_64 | 0.5.11 | 15.00 | 142.00 | 157.00 | OK |
Version: 0.5.11
Check: Rd files
Result: NOTE
checkRd: (-1) mada-data.Rd:45: Lost braces
45 | Kriston, L., H{\"o}elzel, L., Weiser, A., Berner, M., & Haerter, M. (2008).\dQuote{ Meta-analysis: Are 3
| ^
Flavors: r-devel-linux-x86_64-debian-clang, r-devel-linux-x86_64-debian-gcc, r-devel-linux-x86_64-fedora-clang, r-devel-linux-x86_64-fedora-gcc, r-prerel-macos-arm64, r-prerel-windows-x86_64, r-patched-linux-x86_64