Last updated on 2024-04-26 01:53:13 CEST.
Flavor | Version | Tinstall | Tcheck | Ttotal | Status | Flags |
---|---|---|---|---|---|---|
r-devel-linux-x86_64-debian-clang | 0.2.1 | 8.61 | 58.14 | 66.75 | OK | |
r-devel-linux-x86_64-debian-gcc | 0.2.1 | 6.25 | 42.51 | 48.76 | OK | |
r-devel-linux-x86_64-fedora-clang | 0.2.1 | 81.65 | NOTE | |||
r-devel-linux-x86_64-fedora-gcc | 0.2.1 | 90.82 | NOTE | |||
r-devel-windows-x86_64 | 0.2.1 | 8.00 | 64.00 | 72.00 | OK | |
r-patched-linux-x86_64 | 0.2.1 | 8.79 | 53.89 | 62.68 | OK | |
r-release-linux-x86_64 | 0.2.1 | 9.06 | 53.50 | 62.56 | OK | |
r-release-macos-arm64 | 0.2.1 | 31.00 | OK | |||
r-release-windows-x86_64 | 0.2.1 | 9.00 | 64.00 | 73.00 | OK | |
r-oldrel-macos-arm64 | 0.2.1 | 33.00 | OK | |||
r-oldrel-macos-x86_64 | 0.2.1 | 40.00 | OK | |||
r-oldrel-windows-x86_64 | 0.2.1 | 10.00 | 72.00 | 82.00 | OK |
Version: 0.2.1
Check: dependencies in R code
Result: NOTE
Namespaces in Imports field not imported from:
‘cli’ ‘nomnoml’
All declared Imports should be used.
Flavors: r-devel-linux-x86_64-fedora-clang, r-devel-linux-x86_64-fedora-gcc