Last updated on 2024-04-18 01:55:22 CEST.
Flavor | Version | Tinstall | Tcheck | Ttotal | Status | Flags |
---|---|---|---|---|---|---|
r-devel-linux-x86_64-debian-clang | 2.0 | 20.06 | 361.91 | 381.97 | OK | |
r-devel-linux-x86_64-debian-gcc | 2.0 | 16.38 | 255.81 | 272.19 | OK | |
r-devel-linux-x86_64-fedora-clang | 2.0 | 474.71 | NOTE | |||
r-devel-linux-x86_64-fedora-gcc | 2.0 | 475.27 | OK | |||
r-prerel-macos-arm64 | 2.0 | 110.00 | NOTE | |||
r-prerel-windows-x86_64 | 2.0 | 18.00 | 259.00 | 277.00 | NOTE | |
r-patched-linux-x86_64 | 2.0 | 13.92 | 350.37 | 364.29 | OK | |
r-release-linux-x86_64 | 2.0 | 13.45 | 348.36 | 361.81 | OK | |
r-release-macos-arm64 | 2.0 | 144.00 | NOTE | |||
r-release-macos-x86_64 | 2.0 | 264.00 | NOTE | |||
r-release-windows-x86_64 | 2.0 | 23.00 | 317.00 | 340.00 | NOTE | |
r-oldrel-macos-arm64 | 2.0 | 148.00 | NOTE | |||
r-oldrel-windows-x86_64 | 2.0 | 24.00 | 337.00 | 361.00 | NOTE |
Version: 2.0
Check: installed package size
Result: NOTE
installed size is 7.4Mb
sub-directories of 1Mb or more:
doc 6.9Mb
Flavors: r-devel-linux-x86_64-fedora-clang, r-prerel-macos-arm64, r-prerel-windows-x86_64, r-release-macos-arm64, r-release-macos-x86_64, r-release-windows-x86_64, r-oldrel-macos-arm64, r-oldrel-windows-x86_64