Last updated on 2025-10-25 01:51:06 CEST.
| Flavor | Version | Tinstall | Tcheck | Ttotal | Status | Flags |
|---|---|---|---|---|---|---|
| r-devel-linux-x86_64-debian-clang | 0.2.0 | 1.91 | 25.84 | 27.75 | OK | |
| r-devel-linux-x86_64-debian-gcc | 0.2.0 | 1.98 | 21.52 | 23.50 | OK | |
| r-devel-linux-x86_64-fedora-clang | 0.2.0 | 40.38 | OK | |||
| r-devel-linux-x86_64-fedora-gcc | 0.2.0 | 39.16 | OK | |||
| r-devel-windows-x86_64 | 0.2.0 | 6.00 | 53.00 | 59.00 | OK | |
| r-patched-linux-x86_64 | 0.2.0 | 2.22 | 23.87 | 26.09 | OK | |
| r-release-linux-x86_64 | 0.2.0 | 2.07 | 23.83 | 25.90 | OK | |
| r-release-macos-arm64 | 0.2.0 | 3.00 | 19.00 | 22.00 | OK | |
| r-release-macos-x86_64 | 0.2.0 | 5.00 | 32.00 | 37.00 | OK | |
| r-release-windows-x86_64 | 0.2.0 | 7.00 | 53.00 | 60.00 | OK | |
| r-oldrel-macos-arm64 | 0.2.0 | 2.00 | 17.00 | 19.00 | NOTE | |
| r-oldrel-macos-x86_64 | 0.2.0 | 3.00 | 24.00 | 27.00 | NOTE | |
| r-oldrel-windows-x86_64 | 0.2.0 | 8.00 | 58.00 | 66.00 | NOTE |
Version: 0.2.0
Check: LazyData
Result: NOTE
'LazyData' is specified without a 'data' directory
Flavors: r-oldrel-macos-arm64, r-oldrel-macos-x86_64, r-oldrel-windows-x86_64