Last updated on 2024-07-18 01:55:35 CEST.
Flavor | Version | Tinstall | Tcheck | Ttotal | Status | Flags |
---|---|---|---|---|---|---|
r-devel-linux-x86_64-debian-clang | 2.0 | 9.29 | 93.55 | 102.84 | NOTE | |
r-devel-linux-x86_64-debian-gcc | 2.0 | 8.07 | 69.49 | 77.56 | NOTE | |
r-devel-linux-x86_64-fedora-clang | 2.0 | 128.31 | NOTE | |||
r-devel-linux-x86_64-fedora-gcc | 2.0 | 122.71 | NOTE | |||
r-devel-windows-x86_64 | 2.0 | 9.00 | 82.00 | 91.00 | NOTE | |
r-patched-linux-x86_64 | 2.0 | 7.88 | 88.54 | 96.42 | NOTE | |
r-release-linux-x86_64 | 2.0 | 10.48 | 89.84 | 100.32 | NOTE | |
r-release-macos-arm64 | 2.0 | 37.00 | NOTE | |||
r-release-macos-x86_64 | 2.0 | 59.00 | NOTE | |||
r-release-windows-x86_64 | 2.0 | 10.00 | 83.00 | 93.00 | NOTE | |
r-oldrel-macos-arm64 | 2.0 | 44.00 | OK | |||
r-oldrel-macos-x86_64 | 2.0 | 67.00 | OK | |||
r-oldrel-windows-x86_64 | 2.0 | 12.00 | 97.00 | 109.00 | OK |
Version: 2.0
Check: Rd files
Result: NOTE
checkRd: (-1) manet.Rd:25: Lost braces in \itemize; \value handles \item{}{} directly
checkRd: (-1) manet.Rd:26: Lost braces in \itemize; \value handles \item{}{} directly
checkRd: (-1) manet.Rd:27: Lost braces in \itemize; \value handles \item{}{} directly
checkRd: (-1) manet.Rd:28: Lost braces in \itemize; \value handles \item{}{} directly
checkRd: (-1) manet.Rd:29: Lost braces in \itemize; \value handles \item{}{} directly
checkRd: (-1) manet.Rd:30: Lost braces in \itemize; \value handles \item{}{} directly
checkRd: (-1) mixtbern.Rd:23: Lost braces in \itemize; \value handles \item{}{} directly
checkRd: (-1) mixtbern.Rd:24: Lost braces in \itemize; \value handles \item{}{} directly
checkRd: (-1) mixtbern.Rd:25: Lost braces in \itemize; \value handles \item{}{} directly
checkRd: (-1) mixtbern.Rd:26: Lost braces in \itemize; \value handles \item{}{} directly
checkRd: (-1) mixtbern.Rd:27: Lost braces in \itemize; \value handles \item{}{} directly
Flavors: r-devel-linux-x86_64-debian-clang, r-devel-linux-x86_64-debian-gcc, r-devel-linux-x86_64-fedora-clang, r-devel-linux-x86_64-fedora-gcc, r-devel-windows-x86_64, r-patched-linux-x86_64, r-release-linux-x86_64, r-release-macos-arm64, r-release-macos-x86_64, r-release-windows-x86_64