Last updated on 2025-05-29 01:49:34 CEST.
Flavor | Version | Tinstall | Tcheck | Ttotal | Status | Flags |
---|---|---|---|---|---|---|
r-devel-linux-x86_64-debian-clang | 1.6.0 | 9.06 | 65.24 | 74.30 | NOTE | |
r-devel-linux-x86_64-debian-gcc | 1.6.0 | 6.81 | 47.07 | 53.88 | NOTE | |
r-devel-linux-x86_64-fedora-clang | 1.6.0 | 119.77 | OK | |||
r-devel-linux-x86_64-fedora-gcc | 1.6.0 | 123.00 | OK | |||
r-devel-windows-x86_64 | 1.6.0 | 11.00 | 84.00 | 95.00 | NOTE | |
r-patched-linux-x86_64 | 1.6.0 | 8.60 | 61.32 | 69.92 | NOTE | |
r-release-linux-x86_64 | 1.6.0 | 7.98 | 60.45 | 68.43 | NOTE | |
r-release-macos-arm64 | 1.6.0 | 38.00 | OK | |||
r-release-macos-x86_64 | 1.6.0 | 74.00 | OK | |||
r-release-windows-x86_64 | 1.6.0 | 12.00 | 82.00 | 94.00 | NOTE | |
r-oldrel-macos-arm64 | 1.6.0 | 64.00 | OK | |||
r-oldrel-macos-x86_64 | 1.6.0 | 72.00 | OK | |||
r-oldrel-windows-x86_64 | 1.6.0 | 14.00 | 103.00 | 117.00 | OK |
Version: 1.6.0
Check: Rd cross-references
Result: NOTE
Found the following Rd file(s) with Rd \link{} targets missing package
anchors:
mp_interpolate.Rd: na.approx
Please provide package anchors for all Rd \link{} targets not in the
package itself and the base packages.
Flavors: r-devel-linux-x86_64-debian-clang, r-devel-linux-x86_64-debian-gcc, r-devel-windows-x86_64, r-patched-linux-x86_64, r-release-linux-x86_64, r-release-windows-x86_64