Last updated on 2024-04-24 01:52:15 CEST.
Flavor | Version | Tinstall | Tcheck | Ttotal | Status | Flags |
---|---|---|---|---|---|---|
r-devel-linux-x86_64-debian-clang | 0.9.2 | 12.28 | 730.06 | 742.34 | OK | |
r-devel-linux-x86_64-debian-gcc | 0.9.2 | 8.27 | 512.66 | 520.93 | OK | |
r-devel-linux-x86_64-fedora-clang | 0.9.2 | 509.85 | NOTE | |||
r-devel-linux-x86_64-fedora-gcc | 0.9.2 | 483.13 | NOTE | |||
r-prerel-macos-arm64 | 0.9.2 | 41.00 | OK | |||
r-prerel-macos-x86_64 | 0.9.2 | 82.00 | OK | |||
r-prerel-windows-x86_64 | 0.9.2 | 10.00 | 95.00 | 105.00 | OK | |
r-patched-linux-x86_64 | 0.9.2 | 10.12 | 91.46 | 101.58 | OK | |
r-release-linux-x86_64 | 0.9.2 | 6.48 | 675.63 | 682.11 | OK | |
r-release-macos-arm64 | 0.9.2 | 44.00 | OK | |||
r-release-macos-x86_64 | 0.9.2 | 91.00 | OK | |||
r-release-windows-x86_64 | 0.9.2 | 13.00 | 685.00 | 698.00 | OK | |
r-oldrel-macos-arm64 | 0.9.2 | 44.00 | OK | |||
r-oldrel-windows-x86_64 | 0.9.2 | 13.00 | 829.00 | 842.00 | OK |
Version: 0.9.2
Check: data for non-ASCII characters
Result: NOTE
Note: found 3 marked UTF-8 strings
Flavors: r-devel-linux-x86_64-fedora-clang, r-devel-linux-x86_64-fedora-gcc