Last updated on 2024-04-24 01:52:15 CEST.
Flavor | Version | Tinstall | Tcheck | Ttotal | Status | Flags |
---|---|---|---|---|---|---|
r-devel-linux-x86_64-debian-clang | 0.2.5 | 141.91 | 109.27 | 251.18 | NOTE | |
r-devel-linux-x86_64-debian-gcc | 0.2.5 | 105.87 | 81.80 | 187.67 | NOTE | |
r-devel-linux-x86_64-fedora-clang | 0.2.5 | 340.23 | NOTE | |||
r-devel-linux-x86_64-fedora-gcc | 0.2.5 | 339.84 | NOTE | |||
r-prerel-macos-arm64 | 0.2.5 | 73.00 | NOTE | |||
r-prerel-windows-x86_64 | 0.2.5 | 107.00 | 130.00 | 237.00 | NOTE | |
r-patched-linux-x86_64 | 0.2.5 | 139.30 | 102.90 | 242.20 | NOTE | |
r-release-linux-x86_64 | 0.2.5 | 138.02 | 106.07 | 244.09 | OK | |
r-release-macos-arm64 | 0.2.5 | 83.00 | NOTE | |||
r-release-macos-x86_64 | 0.2.5 | 147.00 | NOTE | |||
r-release-windows-x86_64 | 0.2.5 | 129.00 | 151.00 | 280.00 | OK | |
r-oldrel-macos-arm64 | 0.2.5 | 81.00 | NOTE | |||
r-oldrel-windows-x86_64 | 0.2.5 | 126.00 | 136.00 | 262.00 | OK |
Version: 0.2.5
Check: Rd files
Result: NOTE
checkRd: (-1) shortestpath.Rd:19: Lost braces; missing escapes or markup?
19 | \eqn{0} means there exists no path for node \eqn{i} and {j}.
| ^
Flavors: r-devel-linux-x86_64-debian-clang, r-devel-linux-x86_64-debian-gcc, r-devel-linux-x86_64-fedora-clang, r-devel-linux-x86_64-fedora-gcc, r-prerel-macos-arm64, r-prerel-windows-x86_64, r-patched-linux-x86_64
Version: 0.2.5
Check: installed package size
Result: NOTE
installed size is 5.9Mb
sub-directories of 1Mb or more:
libs 5.6Mb
Flavors: r-prerel-macos-arm64, r-release-macos-arm64, r-release-macos-x86_64, r-oldrel-macos-arm64