Last updated on 2024-04-24 01:52:15 CEST.
Flavor | Version | Tinstall | Tcheck | Ttotal | Status | Flags |
---|---|---|---|---|---|---|
r-devel-linux-x86_64-debian-clang | 2.3.1 | 14.89 | 24.90 | 39.79 | OK | |
r-devel-linux-x86_64-debian-gcc | 2.3.1 | 11.20 | 19.21 | 30.41 | OK | |
r-devel-linux-x86_64-fedora-clang | 2.3.1 | 52.04 | NOTE | |||
r-devel-linux-x86_64-fedora-gcc | 2.3.1 | 50.94 | OK | |||
r-prerel-macos-arm64 | 2.3.1 | 26.00 | NOTE | |||
r-prerel-windows-x86_64 | 2.3.1 | 22.00 | 40.00 | 62.00 | NOTE | |
r-patched-linux-x86_64 | 2.3.1 | 15.97 | 24.06 | 40.03 | OK | |
r-release-linux-x86_64 | 2.3.1 | 16.84 | 23.83 | 40.67 | OK | |
r-release-macos-arm64 | 2.3.1 | 28.00 | NOTE | |||
r-release-macos-x86_64 | 2.3.1 | 46.00 | NOTE | |||
r-release-windows-x86_64 | 2.3.1 | 22.00 | 41.00 | 63.00 | NOTE | |
r-oldrel-macos-arm64 | 2.3.1 | 30.00 | NOTE | |||
r-oldrel-windows-x86_64 | 2.3.1 | 62.00 | 45.00 | 107.00 | NOTE |
Version: 2.3.1
Check: installed package size
Result: NOTE
installed size is 33.6Mb
sub-directories of 1Mb or more:
mapdata 33.4Mb
Flavors: r-devel-linux-x86_64-fedora-clang, r-prerel-macos-arm64, r-prerel-windows-x86_64, r-release-macos-arm64, r-release-macos-x86_64, r-release-windows-x86_64, r-oldrel-macos-arm64, r-oldrel-windows-x86_64