Last updated on 2022-05-18 01:49:56 CEST.
Flavor | Version | Tinstall | Tcheck | Ttotal | Status | Flags |
---|---|---|---|---|---|---|
r-devel-linux-x86_64-debian-clang | 0.3.0 | 156.24 | 393.23 | 549.47 | OK | |
r-devel-linux-x86_64-debian-gcc | 0.3.0 | 109.36 | 279.58 | 388.94 | OK | |
r-devel-linux-x86_64-fedora-clang | 0.3.0 | 748.16 | NOTE | |||
r-devel-linux-x86_64-fedora-gcc | 0.3.0 | 745.65 | OK | |||
r-devel-windows-x86_64 | 0.3.0 | 169.00 | 442.00 | 611.00 | NOTE | |
r-patched-linux-x86_64 | 0.3.0 | 128.17 | 370.33 | 498.50 | OK | |
r-release-linux-x86_64 | 0.3.0 | 122.80 | 363.60 | 486.40 | OK | |
r-release-macos-arm64 | 0.3.0 | 195.00 | NOTE | |||
r-release-macos-x86_64 | 0.3.0 | 312.00 | NOTE | |||
r-release-windows-x86_64 | 0.3.0 | 167.00 | 429.00 | 596.00 | NOTE | |
r-oldrel-macos-arm64 | 0.3.0 | 137.00 | NOTE | |||
r-oldrel-macos-x86_64 | 0.3.0 | 240.00 | NOTE | |||
r-oldrel-windows-ix86+x86_64 | 0.3.0 | 298.00 | 689.00 | 987.00 | NOTE |
Version: 0.3.0
Check: installed package size
Result: NOTE
installed size is 11.1Mb
sub-directories of 1Mb or more:
R 2.7Mb
data 2.4Mb
libs 4.1Mb
Flavors: r-devel-linux-x86_64-fedora-clang, r-devel-windows-x86_64, r-release-macos-arm64, r-release-macos-x86_64, r-release-windows-x86_64, r-oldrel-macos-arm64, r-oldrel-macos-x86_64, r-oldrel-windows-ix86+x86_64