Last updated on 2024-08-16 01:48:22 CEST.
Flavor | Version | Tinstall | Tcheck | Ttotal | Status | Flags |
---|---|---|---|---|---|---|
r-devel-linux-x86_64-debian-clang | 0.5.4 | 3.61 | 52.21 | 55.82 | OK | |
r-devel-linux-x86_64-debian-gcc | 0.5.4 | 2.54 | 38.40 | 40.94 | OK | |
r-devel-linux-x86_64-fedora-clang | 0.5.4 | 89.94 | NOTE | |||
r-devel-linux-x86_64-fedora-gcc | 0.5.4 | 99.23 | NOTE | |||
r-devel-windows-x86_64 | 0.5.4 | 5.00 | 77.00 | 82.00 | OK | |
r-patched-linux-x86_64 | 0.5.4 | 3.71 | 49.62 | 53.33 | OK | |
r-release-linux-x86_64 | 0.5.4 | 3.19 | 49.95 | 53.14 | OK | |
r-release-macos-arm64 | 0.5.4 | 34.00 | OK | |||
r-release-macos-x86_64 | 0.5.4 | 53.00 | OK | |||
r-release-windows-x86_64 | 0.5.4 | 5.00 | 88.00 | 93.00 | OK | |
r-oldrel-macos-arm64 | 0.5.4 | 33.00 | OK | |||
r-oldrel-macos-x86_64 | 0.5.4 | 59.00 | OK | |||
r-oldrel-windows-x86_64 | 0.5.4 | 7.00 | 83.00 | 90.00 | OK |
Version: 0.5.4
Check: data for non-ASCII characters
Result: NOTE
Note: found 55 marked UTF-8 strings
Flavors: r-devel-linux-x86_64-fedora-clang, r-devel-linux-x86_64-fedora-gcc