Last updated on 2022-07-06 01:50:27 CEST.
Flavor | Version | Tinstall | Tcheck | Ttotal | Status | Flags |
---|---|---|---|---|---|---|
r-devel-linux-x86_64-debian-clang | 0.5.3 | 3.95 | 62.65 | 66.60 | OK | |
r-devel-linux-x86_64-debian-gcc | 0.5.3 | 3.33 | 46.95 | 50.28 | OK | |
r-devel-linux-x86_64-fedora-clang | 0.5.3 | 88.66 | NOTE | |||
r-devel-linux-x86_64-fedora-gcc | 0.5.3 | 87.11 | NOTE | |||
r-devel-windows-x86_64 | 0.5.3 | 8.00 | 102.00 | 110.00 | OK | |
r-patched-linux-x86_64 | 0.5.3 | 4.49 | 60.96 | 65.45 | OK | |
r-release-linux-x86_64 | 0.5.3 | 3.03 | 60.66 | 63.69 | OK | |
r-release-macos-arm64 | 0.5.3 | 28.00 | NOTE | |||
r-release-macos-x86_64 | 0.5.3 | 52.00 | NOTE | |||
r-release-windows-x86_64 | 0.5.3 | 21.00 | 106.00 | 127.00 | OK | |
r-oldrel-macos-arm64 | 0.5.3 | 33.00 | NOTE | |||
r-oldrel-macos-x86_64 | 0.5.3 | 54.00 | NOTE | |||
r-oldrel-windows-ix86+x86_64 | 0.5.3 | 9.00 | 92.00 | 101.00 | OK |
Version: 0.5.3
Check: data for non-ASCII characters
Result: NOTE
Note: found 55 marked UTF-8 strings
Flavors: r-devel-linux-x86_64-fedora-clang, r-devel-linux-x86_64-fedora-gcc, r-release-macos-arm64, r-release-macos-x86_64, r-oldrel-macos-arm64, r-oldrel-macos-x86_64