Last updated on 2024-04-19 01:58:48 CEST.
Flavor | Version | Tinstall | Tcheck | Ttotal | Status | Flags |
---|---|---|---|---|---|---|
r-devel-linux-x86_64-debian-clang | 0.0.6 | 46.22 | 86.29 | 132.51 | NOTE | |
r-devel-linux-x86_64-debian-gcc | 0.0.6 | 36.46 | 63.67 | 100.13 | NOTE | |
r-devel-linux-x86_64-fedora-clang | 0.0.6 | 184.13 | NOTE | |||
r-devel-linux-x86_64-fedora-gcc | 0.0.6 | 184.95 | NOTE | |||
r-prerel-macos-arm64 | 0.0.6 | 46.00 | NOTE | |||
r-prerel-windows-x86_64 | 0.0.6 | 42.00 | 96.00 | 138.00 | NOTE | |
r-patched-linux-x86_64 | 0.0.6 | 48.32 | 82.48 | 130.80 | NOTE | |
r-release-linux-x86_64 | 0.0.6 | 45.57 | 79.20 | 124.77 | NOTE | |
r-release-macos-arm64 | 0.0.6 | 54.00 | NOTE | |||
r-release-macos-x86_64 | 0.0.6 | 90.00 | NOTE | |||
r-release-windows-x86_64 | 0.0.6 | 49.00 | 114.00 | 163.00 | NOTE | |
r-oldrel-macos-arm64 | 0.0.6 | 42.00 | NOTE | |||
r-oldrel-windows-x86_64 | 0.0.6 | 48.00 | 117.00 | 165.00 | OK |
Version: 0.0.6
Check: C++ specification
Result: NOTE
Specified C++11: please drop specification unless essential
Flavors: r-devel-linux-x86_64-debian-clang, r-devel-linux-x86_64-debian-gcc, r-devel-linux-x86_64-fedora-clang, r-devel-linux-x86_64-fedora-gcc, r-prerel-macos-arm64, r-prerel-windows-x86_64, r-patched-linux-x86_64, r-release-linux-x86_64, r-release-macos-arm64, r-release-macos-x86_64, r-release-windows-x86_64
Version: 0.0.6
Check: installed package size
Result: NOTE
installed size is 5.4Mb
sub-directories of 1Mb or more:
doc 2.8Mb
libs 1.9Mb
Flavors: r-prerel-macos-arm64, r-release-macos-arm64, r-release-macos-x86_64, r-oldrel-macos-arm64