Last updated on 2024-03-29 01:51:10 CET.
Flavor | Version | Tinstall | Tcheck | Ttotal | Status | Flags |
---|---|---|---|---|---|---|
r-devel-linux-x86_64-debian-clang | 0.7 | 9.02 | 160.15 | 169.17 | OK | |
r-devel-linux-x86_64-debian-gcc | 0.7 | 6.34 | 118.51 | 124.85 | OK | |
r-devel-linux-x86_64-fedora-clang | 0.7 | 214.05 | NOTE | |||
r-devel-linux-x86_64-fedora-gcc | 0.7 | 225.88 | OK | |||
r-devel-windows-x86_64 | 0.7 | 7.00 | 130.00 | 137.00 | NOTE | |
r-patched-linux-x86_64 | 0.7 | 6.24 | 154.58 | 160.82 | OK | |
r-release-linux-x86_64 | 0.7 | 4.97 | 149.98 | 154.95 | OK | |
r-release-macos-arm64 | 0.7 | 73.00 | NOTE | |||
r-release-macos-x86_64 | 0.7 | 145.00 | NOTE | |||
r-release-windows-x86_64 | 0.7 | 11.00 | 152.00 | 163.00 | NOTE | |
r-oldrel-macos-arm64 | 0.7 | 70.00 | NOTE | |||
r-oldrel-windows-x86_64 | 0.7 | 12.00 | 163.00 | 175.00 | NOTE |
Version: 0.7
Check: installed package size
Result: NOTE
installed size is 8.5Mb
sub-directories of 1Mb or more:
doc 7.4Mb
Flavors: r-devel-linux-x86_64-fedora-clang, r-devel-windows-x86_64, r-release-macos-arm64, r-release-macos-x86_64, r-release-windows-x86_64, r-oldrel-macos-arm64, r-oldrel-windows-x86_64