CRAN Package Check Results for Package markets

Last updated on 2023-05-28 01:54:01 CEST.

Flavor Version Tinstall Tcheck Ttotal Status Flags
r-devel-linux-x86_64-debian-clang 1.1.4 84.42 278.93 363.35 OK
r-devel-linux-x86_64-debian-gcc 1.1.4 67.80 206.02 273.82 OK
r-devel-linux-x86_64-fedora-clang 1.1.4 456.18 OK
r-devel-linux-x86_64-fedora-gcc 1.1.4 450.90 OK
r-devel-windows-x86_64 1.1.4 62.00 290.00 352.00 OK
r-patched-linux-x86_64 1.1.4 75.32 262.80 338.12 OK
r-release-linux-x86_64 1.1.4 66.62 265.73 332.35 OK
r-release-macos-arm64 1.1.4 151.00 NOTE
r-release-macos-x86_64 1.1.4 251.00 NOTE
r-release-windows-x86_64 1.1.4 81.00 376.00 457.00 OK
r-oldrel-macos-arm64 1.1.4 131.00 NOTE
r-oldrel-macos-x86_64 1.1.4 151.00 NOTE
r-oldrel-windows-x86_64 1.1.4 81.00 354.00 435.00 OK

Check Details

Version: 1.1.4
Check: installed package size
Result: NOTE
     installed size is 5.8Mb
     sub-directories of 1Mb or more:
     libs 3.6Mb
Flavors: r-release-macos-arm64, r-release-macos-x86_64, r-oldrel-macos-arm64, r-oldrel-macos-x86_64