Last updated on 2024-05-01 01:51:37 CEST.
Flavor | Version | Tinstall | Tcheck | Ttotal | Status | Flags |
---|---|---|---|---|---|---|
r-devel-linux-x86_64-debian-clang | 0.1.5.2 | 79.26 | 109.90 | 189.16 | OK | |
r-devel-linux-x86_64-debian-gcc | 0.1.5.2 | 65.44 | 86.79 | 152.23 | OK | |
r-devel-linux-x86_64-fedora-clang | 0.1.5.2 | 244.78 | OK | |||
r-devel-linux-x86_64-fedora-gcc | 0.1.5.2 | 253.28 | OK | |||
r-devel-windows-x86_64 | 0.1.5.2 | 59.00 | 118.00 | 177.00 | OK | |
r-patched-linux-x86_64 | 0.1.5.2 | 60.69 | 114.19 | 174.88 | OK | |
r-release-linux-x86_64 | 0.1.5.2 | 66.87 | 114.23 | 181.10 | OK | |
r-release-macos-arm64 | 0.1.5.2 | 56.00 | NOTE | |||
r-release-windows-x86_64 | 0.1.5.2 | 64.00 | 115.00 | 179.00 | OK | |
r-oldrel-macos-arm64 | 0.1.5.2 | 68.00 | NOTE | |||
r-oldrel-macos-x86_64 | 0.1.5.2 | 114.00 | NOTE | |||
r-oldrel-windows-x86_64 | 0.1.5.2 | 74.00 | 143.00 | 217.00 | OK |
Version: 0.1.5.2
Check: installed package size
Result: NOTE
installed size is 18.9Mb
sub-directories of 1Mb or more:
libs 18.6Mb
Flavors: r-release-macos-arm64, r-oldrel-macos-arm64, r-oldrel-macos-x86_64