Last updated on 2024-04-23 01:57:05 CEST.
Flavor | Version | Tinstall | Tcheck | Ttotal | Status | Flags |
---|---|---|---|---|---|---|
r-devel-linux-x86_64-debian-clang | 0.2.79 | 75.02 | 318.72 | 393.74 | OK | |
r-devel-linux-x86_64-debian-gcc | 0.2.79 | 60.12 | 241.75 | 301.87 | OK | |
r-devel-linux-x86_64-fedora-clang | 0.2.79 | 495.50 | NOTE | |||
r-devel-linux-x86_64-fedora-gcc | 0.2.79 | 511.18 | NOTE | |||
r-prerel-macos-arm64 | 0.2.79 | 156.00 | NOTE | |||
r-prerel-windows-x86_64 | 0.2.79 | 63.00 | 290.00 | 353.00 | OK | |
r-patched-linux-x86_64 | 0.2.79 | 70.85 | 307.69 | 378.54 | OK | |
r-release-linux-x86_64 | 0.2.79 | 70.88 | 317.16 | 388.04 | OK | |
r-release-macos-arm64 | 0.2.79 | 179.00 | NOTE | |||
r-release-macos-x86_64 | 0.2.79 | 385.00 | NOTE | |||
r-release-windows-x86_64 | 0.2.79 | 84.00 | 352.00 | 436.00 | OK | |
r-oldrel-macos-arm64 | 0.2.79 | 156.00 | NOTE | |||
r-oldrel-windows-x86_64 | 0.2.79 | 67.00 | 348.00 | 415.00 | OK |
Version: 0.2.79
Check: dependencies in R code
Result: NOTE
Namespace in Imports field not imported from: ‘softImpute’
All declared Imports should be used.
Flavors: r-devel-linux-x86_64-fedora-clang, r-devel-linux-x86_64-fedora-gcc
Version: 0.2.79
Check: installed package size
Result: NOTE
installed size is 8.3Mb
sub-directories of 1Mb or more:
libs 7.4Mb
Flavors: r-prerel-macos-arm64, r-release-macos-arm64, r-release-macos-x86_64, r-oldrel-macos-arm64