Last updated on 2024-04-18 01:55:23 CEST.
Flavor | Version | Tinstall | Tcheck | Ttotal | Status | Flags |
---|---|---|---|---|---|---|
r-devel-linux-x86_64-debian-clang | 1.1 | 3.24 | 68.58 | 71.82 | NOTE | |
r-devel-linux-x86_64-debian-gcc | 1.1 | 2.46 | 50.83 | 53.29 | NOTE | |
r-devel-linux-x86_64-fedora-clang | 1.1 | 91.83 | NOTE | |||
r-devel-linux-x86_64-fedora-gcc | 1.1 | 100.79 | NOTE | |||
r-prerel-macos-arm64 | 1.1 | 38.00 | NOTE | |||
r-prerel-windows-x86_64 | 1.1 | 6.00 | 78.00 | 84.00 | NOTE | |
r-patched-linux-x86_64 | 1.1 | 3.14 | 65.35 | 68.49 | NOTE | |
r-release-linux-x86_64 | 1.1 | 2.29 | 62.97 | 65.26 | OK | |
r-release-macos-arm64 | 1.1 | 40.00 | OK | |||
r-release-macos-x86_64 | 1.1 | 58.00 | OK | |||
r-release-windows-x86_64 | 1.1 | 5.00 | 85.00 | 90.00 | OK | |
r-oldrel-macos-arm64 | 1.1 | 29.00 | OK | |||
r-oldrel-windows-x86_64 | 1.1 | 5.00 | 92.00 | 97.00 | OK |
Version: 1.1
Check: Rd files
Result: NOTE
checkRd: (-1) focalCompare.Rd:14: Lost braces
14 | \item{fun}{The function fun should take multiple numbers, and return a single number. For example mean, modal, min or max. It should also accept a na.rm argument (or ignore it, e.g. as one of the 'dots' arguments. For example, length will fail, but function(x, ...){na.omit(length(x))} works. (Specifications from `raster::focal`)}
| ^
Flavors: r-devel-linux-x86_64-debian-clang, r-devel-linux-x86_64-debian-gcc, r-devel-linux-x86_64-fedora-clang, r-devel-linux-x86_64-fedora-gcc, r-prerel-macos-arm64, r-prerel-windows-x86_64, r-patched-linux-x86_64