Last updated on 2024-03-28 01:54:02 CET.
Flavor | Version | Tinstall | Tcheck | Ttotal | Status | Flags |
---|---|---|---|---|---|---|
r-devel-linux-x86_64-debian-clang | 1.2.4 | 21.64 | 462.16 | 483.80 | NOTE | |
r-devel-linux-x86_64-debian-gcc | 1.2.4 | 17.89 | 348.95 | 366.84 | NOTE | |
r-devel-linux-x86_64-fedora-clang | 1.2.4 | 619.94 | NOTE | |||
r-devel-linux-x86_64-fedora-gcc | 1.2.4 | 625.74 | NOTE | |||
r-devel-windows-x86_64 | 1.2.4 | 22.00 | 371.00 | 393.00 | NOTE | |
r-patched-linux-x86_64 | 1.2.4 | 23.46 | 456.80 | 480.26 | OK | |
r-release-linux-x86_64 | 1.2.4 | 22.02 | 451.12 | 473.14 | OK | |
r-release-macos-arm64 | 1.2.4 | 238.00 | OK | |||
r-release-macos-x86_64 | 1.2.4 | 395.00 | OK | |||
r-release-windows-x86_64 | 1.2.4 | 28.00 | 468.00 | 496.00 | OK | |
r-oldrel-macos-arm64 | 1.2.4 | 178.00 | OK | |||
r-oldrel-windows-x86_64 | 1.2.4 | 26.00 | 505.00 | 531.00 | OK |
Version: 1.2.4
Check: Rd metadata
Result: NOTE
Invalid package aliases in Rd file 'NewPackage-package.Rd':
‘NewPackage-package’
Flavors: r-devel-linux-x86_64-debian-clang, r-devel-linux-x86_64-debian-gcc, r-devel-linux-x86_64-fedora-clang, r-devel-linux-x86_64-fedora-gcc, r-devel-windows-x86_64
Version: 1.2.4
Check: Rd contents
Result: NOTE
Auto-generated content requiring editing in Rd file 'NewPackage-package.Rd':
\references: ‘This optional section can contain literature or other refere...’
\seealso: ‘Optional links to other man pages’
\examples: ‘\dontrun{ ## Optional simple examples of the most impor...’
Flavors: r-devel-linux-x86_64-debian-clang, r-devel-linux-x86_64-debian-gcc, r-devel-linux-x86_64-fedora-clang, r-devel-linux-x86_64-fedora-gcc, r-devel-windows-x86_64