Last updated on 2024-03-28 01:54:02 CET.
Flavor | Version | Tinstall | Tcheck | Ttotal | Status | Flags |
---|---|---|---|---|---|---|
r-devel-linux-x86_64-debian-clang | 0.1.1 | 2.40 | 42.80 | 45.20 | NOTE | |
r-devel-linux-x86_64-debian-gcc | 0.1.1 | 2.96 | 32.98 | 35.94 | NOTE | |
r-devel-linux-x86_64-fedora-clang | 0.1.1 | 58.56 | NOTE | |||
r-devel-linux-x86_64-fedora-gcc | 0.1.1 | 69.24 | NOTE | |||
r-devel-windows-x86_64 | 0.1.1 | 4.00 | 52.00 | 56.00 | NOTE | |
r-patched-linux-x86_64 | 0.1.1 | 4.10 | 40.26 | 44.36 | NOTE | |
r-release-linux-x86_64 | 0.1.1 | 3.68 | 40.39 | 44.07 | NOTE | |
r-release-macos-arm64 | 0.1.1 | 32.00 | NOTE | |||
r-release-macos-x86_64 | 0.1.1 | 41.00 | NOTE | |||
r-release-windows-x86_64 | 0.1.1 | 5.00 | 54.00 | 59.00 | NOTE | |
r-oldrel-macos-arm64 | 0.1.1 | 24.00 | NOTE | |||
r-oldrel-windows-x86_64 | 0.1.1 | 6.00 | 61.00 | 67.00 | NOTE |
Version: 0.1.1
Check: LazyData
Result: NOTE
'LazyData' is specified without a 'data' directory
Flavors: r-devel-linux-x86_64-debian-clang, r-devel-linux-x86_64-debian-gcc, r-devel-linux-x86_64-fedora-clang, r-devel-linux-x86_64-fedora-gcc, r-devel-windows-x86_64, r-patched-linux-x86_64, r-release-linux-x86_64, r-release-macos-arm64, r-release-macos-x86_64, r-release-windows-x86_64, r-oldrel-macos-arm64, r-oldrel-windows-x86_64