CRAN Package Check Results for Package mateable

Last updated on 2025-05-29 02:50:53 CEST.

Flavor Version Tinstall Tcheck Ttotal Status Flags
r-devel-linux-x86_64-debian-clang 0.3.2 20.54 47.70 68.24 NOTE
r-devel-linux-x86_64-debian-gcc 0.3.2 13.57 36.27 49.84 NOTE
r-devel-linux-x86_64-fedora-clang 0.3.2 117.99 OK
r-devel-linux-x86_64-fedora-gcc 0.3.2 120.15 OK
r-devel-windows-x86_64 0.3.2 28.00 79.00 107.00 NOTE
r-patched-linux-x86_64 0.3.2 20.86 45.78 66.64 NOTE
r-release-linux-x86_64 0.3.2 20.91 45.89 66.80 NOTE
r-release-macos-arm64 0.3.2 41.00 OK
r-release-macos-x86_64 0.3.2 66.00 OK
r-release-windows-x86_64 0.3.2 28.00 97.00 125.00 NOTE
r-oldrel-macos-arm64 0.3.2 37.00 OK
r-oldrel-macos-x86_64 0.3.2 51.00 OK
r-oldrel-windows-x86_64 0.3.2 31.00 93.00 124.00 OK

Check Details

Version: 0.3.2
Check: Rd cross-references
Result: NOTE Found the following Rd file(s) with Rd \link{} targets missing package anchors: kNearNeighbors.Rd: knn.dist Please provide package anchors for all Rd \link{} targets not in the package itself and the base packages. Flavors: r-devel-linux-x86_64-debian-clang, r-devel-linux-x86_64-debian-gcc, r-devel-windows-x86_64, r-patched-linux-x86_64, r-release-linux-x86_64, r-release-windows-x86_64