Last updated on 2024-03-28 01:54:02 CET.
Flavor | Version | Tinstall | Tcheck | Ttotal | Status | Flags |
---|---|---|---|---|---|---|
r-devel-linux-x86_64-debian-clang | 0.1.9 | 147.43 | 37.39 | 184.82 | NOTE | |
r-devel-linux-x86_64-debian-gcc | 0.1.9 | 123.74 | 29.21 | 152.95 | NOTE | |
r-devel-linux-x86_64-fedora-clang | 0.1.9 | 271.87 | NOTE | |||
r-devel-linux-x86_64-fedora-gcc | 0.1.9 | 292.44 | NOTE | |||
r-devel-windows-x86_64 | 0.1.9 | 117.00 | 75.00 | 192.00 | NOTE | |
r-patched-linux-x86_64 | 0.1.9 | 147.92 | 36.92 | 184.84 | NOTE | |
r-release-linux-x86_64 | 0.1.9 | 148.96 | 36.74 | 185.70 | NOTE | |
r-release-macos-arm64 | 0.1.9 | 75.00 | NOTE | |||
r-release-macos-x86_64 | 0.1.9 | 111.00 | NOTE | |||
r-release-windows-x86_64 | 0.1.9 | 114.00 | 83.00 | 197.00 | NOTE | |
r-oldrel-macos-arm64 | 0.1.9 | 70.00 | NOTE | |||
r-oldrel-windows-x86_64 | 0.1.9 | 145.00 | 80.00 | 225.00 | NOTE |
Version: 0.1.9
Check: C++ specification
Result: NOTE
Specified C++11: please drop specification unless essential
Flavors: r-devel-linux-x86_64-debian-clang, r-devel-linux-x86_64-debian-gcc, r-devel-linux-x86_64-fedora-clang, r-devel-linux-x86_64-fedora-gcc, r-devel-windows-x86_64, r-patched-linux-x86_64, r-release-linux-x86_64, r-release-macos-arm64, r-release-macos-x86_64, r-release-windows-x86_64
Version: 0.1.9
Check: for GNU extensions in Makefiles
Result: NOTE
GNU make is a SystemRequirements.
Flavors: r-devel-linux-x86_64-debian-clang, r-devel-linux-x86_64-debian-gcc, r-devel-linux-x86_64-fedora-clang, r-devel-linux-x86_64-fedora-gcc, r-devel-windows-x86_64, r-patched-linux-x86_64, r-release-linux-x86_64, r-release-macos-arm64, r-release-macos-x86_64, r-release-windows-x86_64, r-oldrel-macos-arm64, r-oldrel-windows-x86_64
Version: 0.1.9
Check: installed package size
Result: NOTE
installed size is 8.7Mb
sub-directories of 1Mb or more:
libs 8.4Mb
Flavors: r-release-macos-arm64, r-release-macos-x86_64, r-oldrel-macos-arm64