Last updated on 2023-03-22 01:50:05 CET.
Flavor | Version | Tinstall | Tcheck | Ttotal | Status | Flags |
---|---|---|---|---|---|---|
r-devel-linux-x86_64-debian-clang | 2.9-7 | 18.40 | 372.84 | 391.24 | OK | |
r-devel-linux-x86_64-debian-gcc | 2.9-7 | 16.30 | 279.88 | 296.18 | OK | |
r-devel-linux-x86_64-fedora-clang | 2.9-7 | 483.90 | OK | |||
r-devel-linux-x86_64-fedora-gcc | 2.9-7 | 480.17 | OK | |||
r-devel-windows-x86_64 | 2.9-7 | 41.00 | 208.00 | 249.00 | OK | --no-vignettes |
r-patched-linux-x86_64 | 2.9-7 | 20.99 | 357.27 | 378.26 | OK | |
r-release-linux-x86_64 | 2.9-7 | 17.93 | 352.89 | 370.82 | OK | |
r-release-macos-arm64 | 2.9-7 | 123.00 | OK | |||
r-release-macos-x86_64 | 2.9-7 | 175.00 | OK | |||
r-release-windows-x86_64 | 2.9-7 | 82.00 | 245.00 | 327.00 | OK | --no-vignettes |
r-oldrel-macos-arm64 | 2.9-7 | 119.00 | OK | |||
r-oldrel-macos-x86_64 | 2.9-7 | 184.00 | OK | |||
r-oldrel-windows-ix86+x86_64 | 2.9-7 | 38.00 | 258.00 | 296.00 | NOTE | --no-vignettes |
Version: 2.9-7
Flags: --no-vignettes
Check: dependencies in R code
Result: NOTE
Initiating curl with CURL_SSL_BACKEND: openssl
Flavor: r-oldrel-windows-ix86+x86_64