Last updated on 2024-03-28 01:54:02 CET.
Flavor | Version | Tinstall | Tcheck | Ttotal | Status | Flags |
---|---|---|---|---|---|---|
r-devel-linux-x86_64-debian-clang | 0.0.1 | 9.92 | 109.05 | 118.97 | OK | |
r-devel-linux-x86_64-debian-gcc | 0.0.1 | 8.25 | 81.85 | 90.10 | OK | |
r-devel-linux-x86_64-fedora-clang | 0.0.1 | 150.39 | NOTE | |||
r-devel-linux-x86_64-fedora-gcc | 0.0.1 | 158.05 | NOTE | |||
r-devel-windows-x86_64 | 0.0.1 | 10.00 | 95.00 | 105.00 | OK | |
r-patched-linux-x86_64 | 0.0.1 | 10.71 | 106.60 | 117.31 | OK | |
r-release-linux-x86_64 | 0.0.1 | 11.33 | 103.60 | 114.93 | OK | |
r-release-macos-arm64 | 0.0.1 | 55.00 | OK | |||
r-release-macos-x86_64 | 0.0.1 | 90.00 | OK | |||
r-release-windows-x86_64 | 0.0.1 | 13.00 | 112.00 | 125.00 | OK | |
r-oldrel-macos-arm64 | 0.0.1 | 44.00 | NOTE | |||
r-oldrel-windows-x86_64 | 0.0.1 | 13.00 | 121.00 | 134.00 | OK |
Version: 0.0.1
Check: dependencies in R code
Result: NOTE
Namespace in Imports field not imported from: ‘MASS’
All declared Imports should be used.
Flavors: r-devel-linux-x86_64-fedora-clang, r-devel-linux-x86_64-fedora-gcc, r-oldrel-macos-arm64