CRAN Package Check Results for Package mc.heterogeneity

Last updated on 2025-01-19 01:48:27 CET.

Flavor Version Tinstall Tcheck Ttotal Status Flags
r-devel-linux-x86_64-debian-clang 0.1.2 7.01 61.52 68.53 NOTE
r-devel-linux-x86_64-debian-gcc 0.1.2 4.68 47.56 52.24 NOTE
r-devel-linux-x86_64-fedora-clang 0.1.2 108.92 NOTE
r-devel-linux-x86_64-fedora-gcc 0.1.2 116.24 NOTE
r-devel-windows-x86_64 0.1.2 8.00 168.00 176.00 NOTE
r-patched-linux-x86_64 0.1.2 6.50 57.86 64.36 NOTE
r-release-linux-x86_64 0.1.2 6.11 57.52 63.63 NOTE
r-release-macos-arm64 0.1.2 38.00 NOTE
r-release-macos-x86_64 0.1.2 87.00 NOTE
r-release-windows-x86_64 0.1.2 7.00 78.00 85.00 NOTE
r-oldrel-macos-arm64 0.1.2 43.00 NOTE
r-oldrel-macos-x86_64 0.1.2 67.00 NOTE
r-oldrel-windows-x86_64 0.1.2 9.00 88.00 97.00 NOTE

Check Details

Version: 0.1.2
Check: Rd files
Result: NOTE checkRd: (-1) mc.lnOR.Rd:7: Escaped LaTeX specials: \& Flavors: r-devel-linux-x86_64-debian-clang, r-devel-linux-x86_64-debian-gcc, r-devel-linux-x86_64-fedora-clang, r-devel-linux-x86_64-fedora-gcc, r-devel-windows-x86_64, r-patched-linux-x86_64, r-release-linux-x86_64, r-release-macos-arm64, r-release-macos-x86_64, r-release-windows-x86_64, r-oldrel-macos-arm64, r-oldrel-macos-x86_64, r-oldrel-windows-x86_64

Version: 0.1.2
Check: dependencies in R code
Result: NOTE Namespace in Imports field not imported from: ‘boot.heterogeneity’ All declared Imports should be used. Flavors: r-devel-linux-x86_64-fedora-clang, r-devel-linux-x86_64-fedora-gcc

Version: 0.1.2
Check: LazyData
Result: NOTE 'LazyData' is specified without a 'data' directory Flavors: r-patched-linux-x86_64, r-release-linux-x86_64, r-release-macos-arm64, r-release-macos-x86_64, r-release-windows-x86_64, r-oldrel-macos-arm64, r-oldrel-macos-x86_64, r-oldrel-windows-x86_64