CRAN Package Check Results for Package mccr

Last updated on 2025-05-07 01:50:01 CEST.

Flavor Version Tinstall Tcheck Ttotal Status Flags
r-devel-linux-x86_64-debian-clang 0.4.4 1.33 16.94 18.27 NOTE
r-devel-linux-x86_64-debian-gcc 0.4.4 1.30 14.12 15.42 NOTE
r-devel-linux-x86_64-fedora-clang 0.4.4 28.23 OK
r-devel-linux-x86_64-fedora-gcc 0.4.4 27.44 OK
r-devel-windows-x86_64 0.4.4 2.00 38.00 40.00 OK
r-patched-linux-x86_64 0.4.4 1.56 16.28 17.84 OK
r-release-linux-x86_64 0.4.4 1.53 16.34 17.87 OK
r-release-macos-arm64 0.4.4 17.00 OK
r-release-macos-x86_64 0.4.4 26.00 OK
r-release-windows-x86_64 0.4.4 3.00 38.00 41.00 OK
r-oldrel-macos-arm64 0.4.4 14.00 NOTE
r-oldrel-macos-x86_64 0.4.4 26.00 NOTE
r-oldrel-windows-x86_64 0.4.4 4.00 40.00 44.00 NOTE

Check Details

Version: 0.4.4
Check: CRAN incoming feasibility
Result: NOTE Maintainer: ‘Hitoshi Iuchi <hiuchi@sfc.keio.ac.jp>’ No Authors@R field in DESCRIPTION. Please add one, modifying Authors@R: person(given = "Hitoshi", family = "Iuchi", role = c("aut", "cre"), email = "hiuchi@sfc.keio.ac.jp") as necessary. Flavors: r-devel-linux-x86_64-debian-clang, r-devel-linux-x86_64-debian-gcc

Version: 0.4.4
Check: LazyData
Result: NOTE 'LazyData' is specified without a 'data' directory Flavors: r-oldrel-macos-arm64, r-oldrel-macos-x86_64, r-oldrel-windows-x86_64