Last updated on 2024-04-19 01:58:48 CEST.
Flavor | Version | Tinstall | Tcheck | Ttotal | Status | Flags |
---|---|---|---|---|---|---|
r-devel-linux-x86_64-debian-clang | 1.5-0 | 152.85 | 62.72 | 215.57 | NOTE | |
r-devel-linux-x86_64-debian-gcc | 1.5-0 | 115.74 | 46.68 | 162.42 | NOTE | |
r-devel-linux-x86_64-fedora-clang | 1.5-0 | 315.00 | NOTE | |||
r-devel-linux-x86_64-fedora-gcc | 1.5-0 | 315.81 | NOTE | |||
r-prerel-macos-arm64 | 1.5-0 | 62.00 | NOTE | |||
r-prerel-windows-x86_64 | 1.5-0 | 113.00 | 100.00 | 213.00 | NOTE | |
r-patched-linux-x86_64 | 1.5-0 | 142.82 | 59.11 | 201.93 | NOTE | |
r-release-linux-x86_64 | 1.5-0 | 140.94 | 57.07 | 198.01 | NOTE | |
r-release-macos-arm64 | 1.5-0 | 76.00 | NOTE | |||
r-release-macos-x86_64 | 1.5-0 | 122.00 | NOTE | |||
r-release-windows-x86_64 | 1.5-0 | 144.00 | 105.00 | 249.00 | NOTE | |
r-oldrel-macos-arm64 | 1.5-0 | 68.00 | OK | |||
r-oldrel-windows-x86_64 | 1.5-0 | 141.00 | 104.00 | 245.00 | OK |
Version: 1.5-0
Check: C++ specification
Result: NOTE
Specified C++11: please drop specification unless essential
Flavors: r-devel-linux-x86_64-debian-clang, r-devel-linux-x86_64-debian-gcc, r-devel-linux-x86_64-fedora-clang, r-devel-linux-x86_64-fedora-gcc, r-prerel-macos-arm64, r-prerel-windows-x86_64, r-patched-linux-x86_64, r-release-linux-x86_64, r-release-macos-arm64, r-release-macos-x86_64, r-release-windows-x86_64
Version: 1.5-0
Check: Rd files
Result: NOTE
checkRd: (-1) ess.Rd:14: Lost braces
14 | \code{g} should take a vector input only. Ifcode{g} is \code{NULL}, \code{g} is set to be identity, which is estimation
| ^
Flavors: r-devel-linux-x86_64-debian-clang, r-devel-linux-x86_64-debian-gcc, r-devel-linux-x86_64-fedora-clang, r-devel-linux-x86_64-fedora-gcc, r-prerel-macos-arm64, r-prerel-windows-x86_64, r-patched-linux-x86_64