Last updated on 2024-04-24 01:52:16 CEST.
Flavor | Version | Tinstall | Tcheck | Ttotal | Status | Flags |
---|---|---|---|---|---|---|
r-devel-linux-x86_64-debian-clang | 1.0.8 | 7.63 | 92.33 | 99.96 | NOTE | |
r-devel-linux-x86_64-debian-gcc | 1.0.8 | 5.43 | 69.88 | 75.31 | NOTE | |
r-devel-linux-x86_64-fedora-clang | 1.0.8 | 127.96 | NOTE | |||
r-devel-linux-x86_64-fedora-gcc | 1.0.8 | 132.67 | NOTE | |||
r-prerel-macos-arm64 | 1.0.8 | 41.00 | NOTE | |||
r-prerel-windows-x86_64 | 1.0.8 | 9.00 | 84.00 | 93.00 | NOTE | |
r-patched-linux-x86_64 | 1.0.8 | 8.24 | 90.53 | 98.77 | NOTE | |
r-release-linux-x86_64 | 1.0.8 | 6.94 | 86.08 | 93.02 | OK | |
r-release-macos-arm64 | 1.0.8 | 43.00 | OK | |||
r-release-macos-x86_64 | 1.0.8 | 73.00 | OK | |||
r-release-windows-x86_64 | 1.0.8 | 11.00 | 96.00 | 107.00 | OK | |
r-oldrel-macos-arm64 | 1.0.8 | 35.00 | OK | |||
r-oldrel-windows-x86_64 | 1.0.8 | 11.00 | 106.00 | 117.00 | OK |
Version: 1.0.8
Check: Rd files
Result: NOTE
checkRd: (-1) mcvis.Rd:32: Lost braces in \itemize; \value handles \item{}{} directly
checkRd: (-1) mcvis.Rd:33: Lost braces in \itemize; \value handles \item{}{} directly
checkRd: (-1) mcvis.Rd:34: Lost braces in \itemize; \value handles \item{}{} directly
Flavors: r-devel-linux-x86_64-debian-clang, r-devel-linux-x86_64-debian-gcc, r-devel-linux-x86_64-fedora-clang, r-devel-linux-x86_64-fedora-gcc, r-prerel-macos-arm64, r-prerel-windows-x86_64, r-patched-linux-x86_64