Last updated on 2024-04-24 01:52:16 CEST.
Flavor | Version | Tinstall | Tcheck | Ttotal | Status | Flags |
---|---|---|---|---|---|---|
r-devel-linux-x86_64-debian-clang | 1.8-7 | 92.63 | 150.29 | 242.92 | NOTE | |
r-devel-linux-x86_64-debian-gcc | 1.8-7 | 66.34 | 109.59 | 175.93 | NOTE | |
r-devel-linux-x86_64-fedora-clang | 1.8-7 | 318.76 | NOTE | |||
r-devel-linux-x86_64-fedora-gcc | 1.8-7 | 302.13 | NOTE | |||
r-prerel-macos-arm64 | 1.8-7 | 71.00 | NOTE | |||
r-prerel-windows-x86_64 | 1.8-7 | 72.00 | 131.00 | 203.00 | NOTE | |
r-patched-linux-x86_64 | 1.8-7 | 60.12 | 144.36 | 204.48 | NOTE | |
r-release-linux-x86_64 | 1.8-7 | 77.70 | 147.61 | 225.31 | OK | |
r-release-macos-arm64 | 1.8-7 | 61.00 | OK | |||
r-release-macos-x86_64 | 1.8-7 | 101.00 | OK | |||
r-release-windows-x86_64 | 1.8-7 | 89.00 | 169.00 | 258.00 | OK | |
r-oldrel-macos-arm64 | 1.8-7 | 49.00 | OK | |||
r-oldrel-windows-x86_64 | 1.8-7 | 85.00 | 164.00 | 249.00 | OK |
Version: 1.8-7
Check: Rd files
Result: NOTE
checkRd: (-1) data.mb.Rd:76: Lost braces
76 | level-1 variables code{y}, \code{x} and the level-2 variable \code{w}.
| ^
Flavors: r-devel-linux-x86_64-debian-clang, r-devel-linux-x86_64-debian-gcc, r-devel-linux-x86_64-fedora-clang, r-devel-linux-x86_64-fedora-gcc, r-prerel-macos-arm64, r-prerel-windows-x86_64, r-patched-linux-x86_64