Last updated on 2024-03-28 01:54:02 CET.
Flavor | Version | Tinstall | Tcheck | Ttotal | Status | Flags |
---|---|---|---|---|---|---|
r-devel-linux-x86_64-debian-clang | 0.5 | 11.40 | 105.26 | 116.66 | NOTE | |
r-devel-linux-x86_64-debian-gcc | 0.5 | 9.53 | 79.72 | 89.25 | NOTE | |
r-devel-linux-x86_64-fedora-clang | 0.5 | 144.92 | NOTE | |||
r-devel-linux-x86_64-fedora-gcc | 0.5 | 143.04 | NOTE | |||
r-devel-windows-x86_64 | 0.5 | 10.00 | 94.00 | 104.00 | NOTE | |
r-patched-linux-x86_64 | 0.5 | 13.33 | 105.40 | 118.73 | NOTE | |
r-release-linux-x86_64 | 0.5 | 11.76 | 103.07 | 114.83 | NOTE | |
r-release-macos-arm64 | 0.5 | 50.00 | NOTE | |||
r-release-macos-x86_64 | 0.5 | 75.00 | NOTE | |||
r-release-windows-x86_64 | 0.5 | 14.00 | 114.00 | 128.00 | NOTE | |
r-oldrel-macos-arm64 | 0.5 | 38.00 | NOTE | |||
r-oldrel-windows-x86_64 | 0.5 | 14.00 | 113.00 | 127.00 | NOTE |
Version: 0.5
Check: LazyData
Result: NOTE
'LazyData' is specified without a 'data' directory
Flavors: r-devel-linux-x86_64-debian-clang, r-devel-linux-x86_64-debian-gcc, r-devel-linux-x86_64-fedora-clang, r-devel-linux-x86_64-fedora-gcc, r-devel-windows-x86_64, r-patched-linux-x86_64, r-release-linux-x86_64, r-release-macos-arm64, r-release-macos-x86_64, r-release-windows-x86_64, r-oldrel-macos-arm64, r-oldrel-windows-x86_64