Last updated on 2025-10-24 01:50:31 CEST.
| Flavor | Version | Tinstall | Tcheck | Ttotal | Status | Flags |
|---|---|---|---|---|---|---|
| r-devel-linux-x86_64-debian-clang | 0.1.1 | 2.29 | 26.79 | 29.08 | NOTE | |
| r-devel-linux-x86_64-debian-gcc | 0.1.1 | 1.85 | 21.79 | 23.64 | NOTE | |
| r-devel-linux-x86_64-fedora-clang | 0.1.1 | 45.94 | OK | |||
| r-devel-linux-x86_64-fedora-gcc | 0.1.1 | 41.34 | OK | |||
| r-devel-windows-x86_64 | 0.1.1 | 4.00 | 45.00 | 49.00 | OK | |
| r-patched-linux-x86_64 | 0.1.1 | 2.40 | 25.69 | 28.09 | OK | |
| r-release-linux-x86_64 | 0.1.1 | 2.23 | 25.56 | 27.79 | OK | |
| r-release-macos-arm64 | 0.1.1 | 2.00 | 25.00 | 27.00 | OK | |
| r-release-macos-x86_64 | 0.1.1 | 2.00 | 31.00 | 33.00 | OK | |
| r-release-windows-x86_64 | 0.1.1 | 4.00 | 47.00 | 51.00 | OK | |
| r-oldrel-macos-arm64 | 0.1.1 | 1.00 | 22.00 | 23.00 | OK | |
| r-oldrel-macos-x86_64 | 0.1.1 | 2.00 | 27.00 | 29.00 | OK | |
| r-oldrel-windows-x86_64 | 0.1.1 | 6.00 | 52.00 | 58.00 | OK |
Version: 0.1.1
Check: CRAN incoming feasibility
Result: NOTE
Maintainer: ‘Mark Edmondson <r@sunholo.com>’
The BugReports field in DESCRIPTION has
https://github.com/MarkEdmondson1234/measurementProtocol
which should likely be
https://github.com/MarkEdmondson1234/measurementProtocol/issues
instead.
Flavors: r-devel-linux-x86_64-debian-clang, r-devel-linux-x86_64-debian-gcc