CRAN Package Check Results for Package medExtractR

Last updated on 2025-11-02 02:50:49 CET.

Flavor Version Tinstall Tcheck Ttotal Status Flags
r-devel-linux-x86_64-debian-clang 0.4.1 6.35 182.36 188.71 NOTE
r-devel-linux-x86_64-debian-gcc 0.4.1 4.40 134.91 139.31 NOTE
r-devel-linux-x86_64-fedora-clang 0.4.1 13.00 273.53 286.53 NOTE
r-devel-linux-x86_64-fedora-gcc 0.4.1 13.00 278.78 291.78 NOTE
r-devel-windows-x86_64 0.4.1 7.00 255.00 262.00 NOTE
r-patched-linux-x86_64 0.4.1 6.95 175.54 182.49 NOTE
r-release-linux-x86_64 0.4.1 6.36 175.57 181.93 NOTE
r-release-macos-arm64 0.4.1 3.00 130.00 133.00 NOTE
r-release-macos-x86_64 0.4.1 6.00 226.00 232.00 NOTE
r-release-windows-x86_64 0.4.1 8.00 256.00 264.00 NOTE
r-oldrel-macos-arm64 0.4.1 2.00 109.00 111.00 NOTE
r-oldrel-macos-x86_64 0.4.1 4.00 167.00 171.00 NOTE
r-oldrel-windows-x86_64 0.4.1 11.00 297.00 308.00 NOTE

Check Details

Version: 0.4.1
Check: Rd files
Result: NOTE checkRd: (-1) strings-internal.Rd:14: Lost braces 14 | code{stringPlaceExact}: find location of string, using exact match | ^ checkRd: (-1) strings-internal.Rd:17: Lost braces 17 | code{stringPlaceFuzzy}: find location of string, using partial match | ^ checkRd: (-1) strings-internal.Rd:19: Lost braces 19 | code{stringPlace}: find location of string, generic | ^ checkRd: (-1) strings-internal.Rd:21: Lost braces 21 | code{checkFuzzy}: check for "close" string matches | ^ Flavors: r-devel-linux-x86_64-debian-clang, r-devel-linux-x86_64-debian-gcc, r-devel-linux-x86_64-fedora-clang, r-devel-linux-x86_64-fedora-gcc, r-devel-windows-x86_64, r-patched-linux-x86_64, r-release-linux-x86_64, r-release-macos-arm64, r-release-macos-x86_64, r-release-windows-x86_64, r-oldrel-macos-arm64, r-oldrel-macos-x86_64, r-oldrel-windows-x86_64