Last updated on 2024-08-16 01:48:23 CEST.
Flavor | Version | Tinstall | Tcheck | Ttotal | Status | Flags |
---|---|---|---|---|---|---|
r-devel-linux-x86_64-debian-clang | 0.4.1 | 6.12 | 178.67 | 184.79 | NOTE | |
r-devel-linux-x86_64-debian-gcc | 0.4.1 | 4.53 | 138.36 | 142.89 | NOTE | |
r-devel-linux-x86_64-fedora-clang | 0.4.1 | 284.16 | NOTE | |||
r-devel-linux-x86_64-fedora-gcc | 0.4.1 | 290.13 | NOTE | |||
r-devel-windows-x86_64 | 0.4.1 | 8.00 | 254.00 | 262.00 | NOTE | |
r-patched-linux-x86_64 | 0.4.1 | 6.50 | 173.21 | 179.71 | NOTE | |
r-release-linux-x86_64 | 0.4.1 | 5.91 | 173.71 | 179.62 | NOTE | |
r-release-macos-arm64 | 0.4.1 | 111.00 | NOTE | |||
r-release-macos-x86_64 | 0.4.1 | 171.00 | NOTE | |||
r-release-windows-x86_64 | 0.4.1 | 8.00 | 256.00 | 264.00 | NOTE | |
r-oldrel-macos-arm64 | 0.4.1 | 129.00 | OK | |||
r-oldrel-macos-x86_64 | 0.4.1 | 221.00 | OK | |||
r-oldrel-windows-x86_64 | 0.4.1 | 9.00 | 284.00 | 293.00 | OK |
Version: 0.4.1
Check: Rd files
Result: NOTE
checkRd: (-1) strings-internal.Rd:14: Lost braces
14 | code{stringPlaceExact}: find location of string, using exact match
| ^
checkRd: (-1) strings-internal.Rd:17: Lost braces
17 | code{stringPlaceFuzzy}: find location of string, using partial match
| ^
checkRd: (-1) strings-internal.Rd:19: Lost braces
19 | code{stringPlace}: find location of string, generic
| ^
checkRd: (-1) strings-internal.Rd:21: Lost braces
21 | code{checkFuzzy}: check for "close" string matches
| ^
Flavors: r-devel-linux-x86_64-debian-clang, r-devel-linux-x86_64-debian-gcc, r-devel-linux-x86_64-fedora-clang, r-devel-linux-x86_64-fedora-gcc, r-devel-windows-x86_64, r-patched-linux-x86_64, r-release-linux-x86_64, r-release-macos-arm64, r-release-macos-x86_64, r-release-windows-x86_64