CRAN Package Check Results for Package medrxivr

Last updated on 2022-01-20 01:50:41 CET.

Flavor Version Tinstall Tcheck Ttotal Status Flags
r-devel-linux-x86_64-debian-clang 0.0.5 ERROR
r-devel-linux-x86_64-debian-gcc 0.0.5 4.07 80.02 84.09 NOTE
r-devel-linux-x86_64-fedora-clang 0.0.5 145.35 NOTE
r-devel-linux-x86_64-fedora-gcc 0.0.5 114.79 NOTE
r-devel-windows-x86_64-new-UL 0.0.5 67.00 167.00 234.00 NOTE
r-devel-windows-x86_64-new-TK 0.0.5 NOTE
r-patched-linux-x86_64 0.0.5 4.78 97.55 102.33 NOTE
r-release-linux-x86_64 0.0.5 NOTE
r-release-macos-arm64 0.0.5 NOTE
r-release-macos-x86_64 0.0.5 NOTE
r-release-windows-ix86+x86_64 0.0.5 13.00 127.00 140.00 NOTE
r-oldrel-macos-x86_64 0.0.5 NOTE
r-oldrel-windows-ix86+x86_64 0.0.5 13.00 140.00 153.00 OK

Check Details

Version: 0.0.5
Check: LazyData
Result: NOTE
     'LazyData' is specified without a 'data' directory
Flavors: r-devel-linux-x86_64-debian-clang, r-devel-linux-x86_64-debian-gcc, r-devel-linux-x86_64-fedora-clang, r-devel-linux-x86_64-fedora-gcc, r-devel-windows-x86_64-new-UL, r-devel-windows-x86_64-new-TK, r-patched-linux-x86_64, r-release-linux-x86_64, r-release-macos-arm64, r-release-macos-x86_64, r-release-windows-ix86+x86_64

Version: 0.0.5
Check: tests
Result: ERROR
     Running 'spelling.R' [0s/0s]
     Running 'testthat.R' [21m/27m]
    Running the tests in 'tests/testthat.R' failed.
    Complete output:
     > library(testthat)
     > library(medrxivr)
     >
     > test_check("medrxivr")
     Killed
Flavor: r-devel-linux-x86_64-debian-clang

Version: 0.0.5
Check: dependencies in R code
Result: NOTE
    Namespace in Imports field not imported from: ‘vroom’
     All declared Imports should be used.
Flavors: r-devel-linux-x86_64-fedora-clang, r-devel-linux-x86_64-fedora-gcc, r-devel-windows-x86_64-new-TK, r-release-macos-arm64, r-release-macos-x86_64, r-oldrel-macos-x86_64