Last updated on 2024-04-19 01:58:48 CEST.
Flavor | Version | Tinstall | Tcheck | Ttotal | Status | Flags |
---|---|---|---|---|---|---|
r-devel-linux-x86_64-debian-clang | 1.11.3 | 417.87 | 520.60 | 938.47 | OK | |
r-devel-linux-x86_64-debian-gcc | 1.11.3 | 347.93 | 382.88 | 730.81 | OK | |
r-devel-linux-x86_64-fedora-clang | 1.11.3 | 1233.01 | OK | |||
r-devel-linux-x86_64-fedora-gcc | 1.11.3 | 702.65 | OK | |||
r-prerel-macos-arm64 | 1.11.3 | 319.00 | NOTE | |||
r-prerel-macos-x86_64 | 1.11.3 | 793.00 | NOTE | |||
r-prerel-windows-x86_64 | 1.11.3 | 292.00 | 591.00 | 883.00 | OK | |
r-patched-linux-x86_64 | 1.11.3 | 419.36 | 545.81 | 965.17 | OK | |
r-release-linux-x86_64 | 1.11.3 | 422.46 | 540.00 | 962.46 | OK | |
r-release-macos-arm64 | 1.11.3 | 315.00 | NOTE | |||
r-release-macos-x86_64 | 1.11.3 | 666.00 | NOTE | |||
r-release-windows-x86_64 | 1.11.3 | 374.00 | 623.00 | 997.00 | OK | |
r-oldrel-macos-arm64 | 1.11.3 | 304.00 | NOTE | |||
r-oldrel-windows-x86_64 | 1.11.3 | 361.00 | 592.00 | 953.00 | OK |
Version: 1.11.3
Check: installed package size
Result: NOTE
installed size is 155.5Mb
sub-directories of 1Mb or more:
libs 154.0Mb
Flavors: r-prerel-macos-arm64, r-prerel-macos-x86_64, r-release-macos-arm64, r-release-macos-x86_64, r-oldrel-macos-arm64