CRAN Package Check Results for Package meltr

Last updated on 2022-05-17 02:53:14 CEST.

Flavor Version Tinstall Tcheck Ttotal Status Flags
r-devel-linux-x86_64-debian-clang 1.0.0 44.62 73.27 117.89 OK
r-devel-linux-x86_64-debian-gcc 1.0.0 37.86 49.22 87.08 OK
r-devel-linux-x86_64-fedora-clang 1.0.0 157.82 NOTE
r-devel-linux-x86_64-fedora-gcc 1.0.0 135.49 NOTE
r-devel-windows-x86_64 1.0.0 64.00 100.00 164.00 OK
r-patched-linux-x86_64 1.0.0 42.66 60.99 103.65 OK
r-release-linux-x86_64 1.0.0 40.44 62.55 102.99 OK
r-release-macos-arm64 1.0.0 44.00 NOTE
r-release-macos-x86_64 1.0.0 64.00 NOTE
r-release-windows-x86_64 1.0.0 66.00 100.00 166.00 OK
r-oldrel-macos-arm64 1.0.0 44.00 NOTE
r-oldrel-macos-x86_64 1.0.0 62.00 NOTE
r-oldrel-windows-ix86+x86_64 1.0.0 129.00 118.00 247.00 OK

Check Details

Version: 1.0.0
Check: dependencies in R code
Result: NOTE
    Namespaces in Imports field not imported from:
     ‘R6’ ‘rlang’
     All declared Imports should be used.
Flavors: r-devel-linux-x86_64-fedora-clang, r-devel-linux-x86_64-fedora-gcc, r-release-macos-arm64, r-release-macos-x86_64, r-oldrel-macos-arm64, r-oldrel-macos-x86_64