CRAN Package Check Results for Package memisc

Last updated on 2020-02-21 11:49:05 CET.

Flavor Version Tinstall Tcheck Ttotal Status Flags
r-devel-linux-x86_64-debian-clang 0.99.22 29.52 187.22 216.74 OK
r-devel-linux-x86_64-debian-gcc 0.99.22 26.97 139.04 166.01 OK
r-devel-linux-x86_64-fedora-clang 0.99.22 266.44 NOTE
r-devel-linux-x86_64-fedora-gcc 0.99.22 254.22 OK
r-devel-windows-ix86+x86_64 0.99.22 56.00 177.00 233.00 OK
r-devel-windows-ix86+x86_64-gcc8 0.99.22 81.00 282.00 363.00 OK
r-patched-linux-x86_64 0.99.22 27.71 167.33 195.04 OK
r-patched-solaris-x86 0.99.22 263.10 NOTE
r-release-linux-x86_64 0.99.22 27.73 167.08 194.81 OK
r-release-windows-ix86+x86_64 0.99.22 51.00 175.00 226.00 OK
r-release-osx-x86_64 0.99.22 NOTE
r-oldrel-windows-ix86+x86_64 0.99.22 68.00 220.00 288.00 OK
r-oldrel-osx-x86_64 0.99.22 NOTE

Check Details

Version: 0.99.22
Check: installed package size
Result: NOTE
     installed size is 5.1Mb
     sub-directories of 1Mb or more:
     R 1.2Mb
     doc 2.9Mb
Flavors: r-devel-linux-x86_64-fedora-clang, r-patched-solaris-x86, r-release-osx-x86_64, r-oldrel-osx-x86_64