Last updated on 2024-04-19 01:58:48 CEST.
Flavor | Version | Tinstall | Tcheck | Ttotal | Status | Flags |
---|---|---|---|---|---|---|
r-devel-linux-x86_64-debian-clang | 0.1.0 | 6.22 | 257.15 | 263.37 | OK | |
r-devel-linux-x86_64-debian-gcc | 0.1.0 | 5.42 | 204.84 | 210.26 | OK | |
r-devel-linux-x86_64-fedora-clang | 0.1.0 | 326.72 | OK | |||
r-devel-linux-x86_64-fedora-gcc | 0.1.0 | 328.98 | OK | |||
r-prerel-macos-arm64 | 0.1.0 | 130.00 | OK | |||
r-prerel-windows-x86_64 | 0.1.0 | 6.00 | 272.00 | 278.00 | OK | |
r-patched-linux-x86_64 | 0.1.0 | 7.93 | 257.63 | 265.56 | OK | |
r-release-linux-x86_64 | 0.1.0 | 8.30 | 241.22 | 249.52 | OK | |
r-release-macos-arm64 | 0.1.0 | 138.00 | OK | |||
r-release-macos-x86_64 | 0.1.0 | 192.00 | OK | |||
r-release-windows-x86_64 | 0.1.0 | 9.00 | 294.00 | 303.00 | OK | |
r-oldrel-macos-arm64 | 0.1.0 | 57.00 | ERROR | |||
r-oldrel-windows-x86_64 | 0.1.0 | 8.00 | 297.00 | 305.00 | OK |
Version: 0.1.0
Check: re-building of vignette outputs
Result: ERROR
Error(s) in re-building vignettes:
...
--- re-building ‘merlin.Rmd’ using rmarkdown
Execution halted
* checking PDF version of manual ...* using check arguments '--no-clean-on-error '
Flavor: r-oldrel-macos-arm64